CRAN Package Check Results for Package RepertoiR

Last updated on 2024-05-25 21:57:09 CEST.

Flavor Version Tinstall Tcheck Ttotal Status Flags
r-devel-linux-x86_64-debian-clang 0.0.1 4.97 64.57 69.54 NOTE
r-devel-linux-x86_64-debian-gcc 0.0.1 3.82 48.23 52.05 NOTE
r-devel-linux-x86_64-fedora-clang 0.0.1 85.83 NOTE
r-devel-linux-x86_64-fedora-gcc 0.0.1 81.75 NOTE
r-devel-windows-x86_64 0.0.1 6.00 67.00 73.00 NOTE
r-patched-linux-x86_64 0.0.1 4.85 62.48 67.33 NOTE
r-release-linux-x86_64 0.0.1 4.84 63.90 68.74 NOTE
r-release-macos-arm64 0.0.1 26.00 NOTE
r-release-windows-x86_64 0.0.1 6.00 69.00 75.00 NOTE
r-oldrel-macos-arm64 0.0.1 30.00 NOTE
r-oldrel-macos-x86_64 0.0.1 44.00 NOTE
r-oldrel-windows-x86_64 0.0.1 7.00 74.00 81.00 NOTE

Check Details

Version: 0.0.1
Check: package subdirectories
Result: NOTE Problems with news in ‘NEWS.md’: No news entries found. Flavors: r-devel-linux-x86_64-debian-clang, r-devel-linux-x86_64-debian-gcc, r-devel-linux-x86_64-fedora-clang, r-devel-linux-x86_64-fedora-gcc, r-devel-windows-x86_64, r-patched-linux-x86_64, r-release-linux-x86_64, r-release-macos-arm64, r-release-windows-x86_64, r-oldrel-macos-arm64, r-oldrel-macos-x86_64, r-oldrel-windows-x86_64

Version: 0.0.1
Check: dependencies in R code
Result: NOTE Namespace in Imports field not imported from: ‘stringi’ All declared Imports should be used. Flavors: r-devel-linux-x86_64-fedora-clang, r-devel-linux-x86_64-fedora-gcc