CRAN Package Check Results for Package ResistorArray

Last updated on 2017-12-13 21:51:06 CET.

Flavor Version Tinstall Tcheck Ttotal Status Flags
r-devel-linux-x86_64-debian-clang 1.0-28 0.66 16.56 17.22 NOTE
r-devel-linux-x86_64-debian-gcc 1.0-28 0.66 15.19 15.85 NOTE
r-devel-linux-x86_64-fedora-clang 1.0-28 20.62 NOTE
r-devel-linux-x86_64-fedora-gcc 1.0-28 52.71 NOTE
r-devel-windows-ix86+x86_64 1.0-28 4.00 34.00 38.00 OK
r-patched-linux-x86_64 1.0-28 0.77 16.77 17.54 NOTE
r-patched-solaris-x86 1.0-28 30.70 OK
r-release-linux-x86_64 1.0-28 0.76 16.75 17.51 NOTE
r-release-windows-ix86+x86_64 1.0-28 2.00 27.00 29.00 OK
r-release-osx-x86_64 1.0-28 OK
r-oldrel-windows-ix86+x86_64 1.0-28 2.00 24.00 26.00 OK
r-oldrel-osx-x86_64 1.0-28 OK

Check Details

Version: 1.0-28
Check: Rd line widths
Result: NOTE
    Rd file 'array.resistance.Rd':
     \usage lines wider than 90 characters:
     array.resistance(x.offset, y.offset, rows.of.resistors, cols.of.resistors, give.pots = FALSE)
    
    These lines will be truncated in the PDF manual.
Flavors: r-devel-linux-x86_64-debian-clang, r-devel-linux-x86_64-debian-gcc, r-devel-linux-x86_64-fedora-clang, r-devel-linux-x86_64-fedora-gcc, r-patched-linux-x86_64, r-release-linux-x86_64