CRAN Package Check Results for Package ResistorArray

Last updated on 2018-10-16 22:56:36 CEST.

Flavor Version Tinstall Tcheck Ttotal Status Flags
r-devel-linux-x86_64-debian-clang 1.0-28 1.00 20.02 21.02 NOTE
r-devel-linux-x86_64-debian-gcc 1.0-28 1.06 16.59 17.65 NOTE
r-devel-linux-x86_64-fedora-clang 1.0-28 25.18 NOTE
r-devel-linux-x86_64-fedora-gcc 1.0-28 24.19 NOTE
r-devel-windows-ix86+x86_64 1.0-28 4.00 36.00 40.00 OK
r-patched-linux-x86_64 1.0-28 0.80 18.28 19.08 NOTE
r-patched-solaris-x86 1.0-28 35.30 OK
r-release-linux-x86_64 1.0-28 1.21 18.38 19.59 NOTE
r-release-windows-ix86+x86_64 1.0-28 3.00 30.00 33.00 OK
r-release-osx-x86_64 1.0-28 OK
r-oldrel-windows-ix86+x86_64 1.0-28 2.00 27.00 29.00 OK
r-oldrel-osx-x86_64 1.0-28 OK

Check Details

Version: 1.0-28
Check: Rd line widths
Result: NOTE
    Rd file 'array.resistance.Rd':
     \usage lines wider than 90 characters:
     array.resistance(x.offset, y.offset, rows.of.resistors, cols.of.resistors, give.pots = FALSE)
    
    These lines will be truncated in the PDF manual.
Flavors: r-devel-linux-x86_64-debian-clang, r-devel-linux-x86_64-debian-gcc, r-devel-linux-x86_64-fedora-clang, r-devel-linux-x86_64-fedora-gcc, r-patched-linux-x86_64, r-release-linux-x86_64