Last updated on 2024-03-28 23:01:56 CET.
Flavor | Version | Tinstall | Tcheck | Ttotal | Status | Flags |
---|---|---|---|---|---|---|
r-devel-linux-x86_64-debian-clang | 2.3.10 | 22.23 | 134.12 | 156.35 | OK | |
r-devel-linux-x86_64-debian-gcc | 2.3.10 | 16.38 | 103.10 | 119.48 | OK | |
r-devel-linux-x86_64-fedora-clang | 2.3.10 | 209.11 | NOTE | |||
r-devel-linux-x86_64-fedora-gcc | 2.3.10 | 220.67 | NOTE | |||
r-devel-windows-x86_64 | 2.3.10 | 18.00 | 119.00 | 137.00 | OK | |
r-patched-linux-x86_64 | 2.3.10 | 15.13 | 132.92 | 148.05 | OK | |
r-release-linux-x86_64 | 2.3.10 | 12.51 | 130.15 | 142.66 | OK | |
r-release-macos-arm64 | 2.3.10 | 71.00 | OK | |||
r-release-macos-x86_64 | 2.3.10 | 161.00 | OK | |||
r-release-windows-x86_64 | 2.3.10 | 24.00 | 141.00 | 165.00 | OK | |
r-oldrel-macos-arm64 | 2.3.10 | 67.00 | OK | |||
r-oldrel-windows-x86_64 | 2.3.10 | 25.00 | 157.00 | 182.00 | OK |
Version: 2.3.10
Check: package dependencies
Result: NOTE
Imports includes 28 non-default packages.
Importing from so many packages makes the package vulnerable to any of
them becoming unavailable. Move as many as possible to Suggests and
use conditionally.
Flavor: r-devel-linux-x86_64-fedora-clang
Version: 2.3.10
Check: data for non-ASCII characters
Result: NOTE
Note: found 26 marked UTF-8 strings
Flavors: r-devel-linux-x86_64-fedora-clang, r-devel-linux-x86_64-fedora-gcc