Last updated on 2024-04-18 22:52:56 CEST.
Flavor | Version | Tinstall | Tcheck | Ttotal | Status | Flags |
---|---|---|---|---|---|---|
r-devel-linux-x86_64-debian-clang | 3.1.0 | 144.65 | 227.53 | 372.18 | OK | |
r-devel-linux-x86_64-debian-gcc | 3.1.0 | 109.28 | 166.63 | 275.91 | OK | |
r-devel-linux-x86_64-fedora-clang | 3.1.0 | 484.59 | NOTE | |||
r-devel-linux-x86_64-fedora-gcc | 3.1.0 | 470.90 | NOTE | |||
r-prerel-macos-arm64 | 3.1.0 | 113.00 | NOTE | |||
r-prerel-windows-x86_64 | 3.1.0 | 107.00 | 195.00 | 302.00 | OK | |
r-patched-linux-x86_64 | 3.1.0 | 136.38 | 217.94 | 354.32 | OK | |
r-release-linux-x86_64 | 3.1.0 | 106.79 | 217.46 | 324.25 | OK | |
r-release-macos-arm64 | 3.1.0 | 105.00 | NOTE | |||
r-release-macos-x86_64 | 3.1.0 | 194.00 | NOTE | |||
r-release-windows-x86_64 | 3.1.0 | 132.00 | 256.00 | 388.00 | OK | |
r-oldrel-macos-arm64 | 3.1.0 | 107.00 | NOTE | |||
r-oldrel-windows-x86_64 | 3.1.0 | 130.00 | 234.00 | 364.00 | WARN |
Version: 3.1.0
Check: data for non-ASCII characters
Result: NOTE
Note: found 1 marked UTF-8 string
Flavors: r-devel-linux-x86_64-fedora-clang, r-devel-linux-x86_64-fedora-gcc
Version: 3.1.0
Check: installed package size
Result: NOTE
installed size is 7.6Mb
sub-directories of 1Mb or more:
libs 6.8Mb
Flavors: r-prerel-macos-arm64, r-release-macos-arm64, r-release-macos-x86_64, r-oldrel-macos-arm64
Version: 3.1.0
Check: R files for syntax errors
Result: WARN
Warnings in file 'R/shinyFSSA.R':
unable to translate 'f(<U+03C4>)' to native encoding
unable to translate 'g(<U+03C4>)' to native encoding
unable to translate 'f(<U+03C4>) + g(<U+03C4>)' to native encoding
Warnings in file 'R/shinyMFSSA.R':
unable to translate 'A.1t(<U+03C9>1,<U+2113>) F1 +' to native encoding
unable to translate 'A.2t(<U+03C9>2) F2' to native encoding
Flavor: r-oldrel-windows-x86_64