CRAN Package Check Results for Package Rlda

Last updated on 2019-07-23 22:48:57 CEST.

Flavor Version Tinstall Tcheck Ttotal Status Flags
r-devel-linux-x86_64-debian-clang 0.2.6 108.92 40.49 149.41 OK
r-devel-linux-x86_64-debian-gcc 0.2.6 90.61 32.93 123.54 OK
r-devel-linux-x86_64-fedora-clang 0.2.6 218.50 NOTE
r-devel-linux-x86_64-fedora-gcc 0.2.6 210.59 OK
r-devel-windows-ix86+x86_64 0.2.6 190.00 81.00 271.00 OK
r-patched-linux-x86_64 0.2.6 100.51 40.63 141.14 OK
r-patched-solaris-x86 0.2.6 219.70 OK
r-release-linux-x86_64 0.2.6 101.87 40.64 142.51 OK
r-release-windows-ix86+x86_64 0.2.6 177.00 83.00 260.00 OK
r-release-osx-x86_64 0.2.6 NOTE
r-oldrel-windows-ix86+x86_64 0.2.6 243.00 112.00 355.00 OK
r-oldrel-osx-x86_64 0.2.6 NOTE

Check Details

Version: 0.2.6
Check: installed package size
Result: NOTE
     installed size is 6.8Mb
     sub-directories of 1Mb or more:
     libs 5.7Mb
Flavors: r-devel-linux-x86_64-fedora-clang, r-release-osx-x86_64, r-oldrel-osx-x86_64