Last updated on 2024-04-18 22:52:57 CEST.
Flavor | Version | Tinstall | Tcheck | Ttotal | Status | Flags |
---|---|---|---|---|---|---|
r-devel-linux-x86_64-debian-clang | 0.2-1 | 1083.22 | 227.93 | 1311.15 | NOTE | |
r-devel-linux-x86_64-debian-gcc | 0.2-1 | 1020.26 | 223.90 | 1244.16 | NOTE | |
r-devel-linux-x86_64-fedora-clang | 0.2-1 | 1631.72 | NOTE | |||
r-devel-linux-x86_64-fedora-gcc | 0.2-1 | 2200.21 | NOTE | |||
r-prerel-macos-arm64 | 0.2-1 | 505.00 | NOTE | |||
r-prerel-windows-x86_64 | 0.2-1 | 804.00 | 236.00 | 1040.00 | NOTE | |
r-patched-linux-x86_64 | 0.2-1 | 0.01 | 3.04 | 3.05 | ERROR | |
r-release-linux-x86_64 | 0.2-1 | 0.01 | 2.89 | 2.90 | ERROR | |
r-release-macos-arm64 | 0.2-1 | 554.00 | NOTE | |||
r-release-macos-x86_64 | 0.2-1 | 654.00 | NOTE | |||
r-release-windows-x86_64 | 0.2-1 | 1021.00 | 300.00 | 1321.00 | NOTE | |
r-oldrel-macos-arm64 | 0.2-1 | 514.00 | NOTE | |||
r-oldrel-windows-x86_64 | 0.2-1 | 990.00 | 280.00 | 1270.00 | NOTE |
Version: 0.2-1
Check: for GNU extensions in Makefiles
Result: NOTE
GNU make is a SystemRequirements.
Flavors: r-devel-linux-x86_64-debian-clang, r-devel-linux-x86_64-debian-gcc, r-devel-linux-x86_64-fedora-clang, r-devel-linux-x86_64-fedora-gcc, r-prerel-macos-arm64, r-prerel-windows-x86_64, r-release-macos-arm64, r-release-macos-x86_64, r-release-windows-x86_64, r-oldrel-macos-arm64, r-oldrel-windows-x86_64
Version: 0.2-1
Check: installed package size
Result: NOTE
installed size is 10.4Mb
sub-directories of 1Mb or more:
libs 9.6Mb
Flavors: r-devel-linux-x86_64-fedora-clang, r-prerel-macos-arm64, r-prerel-windows-x86_64, r-release-macos-arm64, r-release-macos-x86_64, r-release-windows-x86_64, r-oldrel-macos-arm64, r-oldrel-windows-x86_64
Version: 0.2-1
Check: whether package can be installed
Result: ERROR
Installation failed.
Flavors: r-patched-linux-x86_64, r-release-linux-x86_64