CRAN Package Check Results for Package Rmixmod

Last updated on 2018-09-23 22:47:11 CEST.

Flavor Version Tinstall Tcheck Ttotal Status Flags
r-devel-linux-x86_64-debian-clang 2.1.2 391.47 54.82 446.29 OK
r-devel-linux-x86_64-debian-gcc 2.1.2 353.58 57.41 410.99 OK
r-devel-linux-x86_64-fedora-clang 2.1.2 760.95 NOTE
r-devel-linux-x86_64-fedora-gcc 2.1.2 688.01 OK
r-devel-windows-ix86+x86_64 2.1.2 1139.00 129.00 1268.00 OK
r-patched-linux-x86_64 2.1.2 433.50 66.61 500.11 OK
r-patched-solaris-x86 2.1.2 720.20 OK
r-release-linux-x86_64 2.1.2 448.82 67.27 516.09 OK
r-release-windows-ix86+x86_64 2.1.2 840.00 147.00 987.00 OK
r-release-osx-x86_64 2.1.2 OK
r-oldrel-windows-ix86+x86_64 2.1.2 843.00 158.00 1001.00 OK
r-oldrel-osx-x86_64 2.1.1 NOTE

Additional issues

clang-UBSAN

Check Details

Version: 2.1.2
Check: installed package size
Result: NOTE
     installed size is 5.5Mb
     sub-directories of 1Mb or more:
     libs 4.6Mb
Flavor: r-devel-linux-x86_64-fedora-clang

Version: 2.1.1
Check: installed package size
Result: NOTE
     installed size is 9.5Mb
     sub-directories of 1Mb or more:
     libs 8.7Mb
Flavor: r-oldrel-osx-x86_64

Version: 2.1.1
Check: DESCRIPTION meta-information
Result: NOTE
    BugReports field should be the URL of a single webpage
Flavor: r-oldrel-osx-x86_64