CRAN Package Check Results for Package Rmixmod

Last updated on 2017-11-20 22:53:50 CET.

Flavor Version Tinstall Tcheck Ttotal Status Flags
r-devel-linux-x86_64-debian-clang 2.1.1 182.72 39.89 222.61 NOTE
r-devel-linux-x86_64-debian-gcc 2.1.1 229.46 88.65 318.12 NOTE
r-devel-linux-x86_64-fedora-clang 2.1.1 478.65 NOTE
r-devel-linux-x86_64-fedora-gcc 2.1.1 493.72 NOTE
r-devel-windows-ix86+x86_64 2.1.1 699.00 150.00 849.00 NOTE
r-patched-linux-x86_64 2.1.1 197.58 40.75 238.34 NOTE
r-patched-solaris-x86 2.1.1 425.60 NOTE
r-release-linux-x86_64 2.1.1 195.95 40.91 236.86 NOTE
r-release-windows-ix86+x86_64 2.1.1 522.00 185.00 707.00 ERROR
r-release-osx-x86_64 2.1.1 NOTE
r-oldrel-windows-ix86+x86_64 2.1.1 520.00 157.00 677.00 OK
r-oldrel-osx-x86_64 2.1.1 NOTE

Check Details

Version: 2.1.1
Check: DESCRIPTION meta-information
Result: NOTE
    BugReports field should be the URL of a single webpage
Flavors: r-devel-linux-x86_64-debian-clang, r-devel-linux-x86_64-debian-gcc, r-devel-linux-x86_64-fedora-clang, r-devel-linux-x86_64-fedora-gcc, r-devel-windows-ix86+x86_64, r-patched-linux-x86_64, r-patched-solaris-x86, r-release-linux-x86_64, r-release-windows-ix86+x86_64, r-release-osx-x86_64

Version: 2.1.1
Check: compiled code
Result: NOTE
    File ‘Rmixmod/libs/Rmixmod.so’:
     Found no calls to: ‘R_registerRoutines’, ‘R_useDynamicSymbols’
    
    It is good practice to register native routines and to disable symbol
    search.
    
    See ‘Writing portable packages’ in the ‘Writing R Extensions’ manual.
Flavors: r-devel-linux-x86_64-debian-clang, r-devel-linux-x86_64-debian-gcc, r-devel-linux-x86_64-fedora-clang, r-devel-linux-x86_64-fedora-gcc, r-patched-linux-x86_64, r-release-linux-x86_64

Version: 2.1.1
Check: installed package size
Result: NOTE
     installed size is 12.0Mb
     sub-directories of 1Mb or more:
     libs 11.1Mb
Flavors: r-devel-linux-x86_64-fedora-clang, r-devel-linux-x86_64-fedora-gcc, r-release-osx-x86_64, r-oldrel-osx-x86_64

Version: 2.1.1
Check: running tests for arch ‘x64’
Result: ERROR
     Running 'clustering1test.R' [2s]
     Running 'clusteringParametertest.R' [2s]
     Running 'clusteringPartitiontest.R' [2s]
     Running 'heterogeneousDAtest.R' [1s]
     Running 'heterogeneousclusteringtest.R' [2s]
     Running 'ssupervised.R' [2s]
     Running 'test.R' [19s]
    Running the tests in 'tests/test.R' failed.
    Last 13 lines of output:
     Proportion = 0.3218
     Means = 2.0067 54.3887
     Variances = | NaN NaN |
     | NaN NaN |
     * Cluster 4 :
     Proportion = 0.6179
     Means = 4.3262 80.4995
     Variances = | NaN NaN |
     | NaN NaN |
     * Log-likelihood = -1049.6271
     **************************************************************
     > plot(xem.geyser)
     Error in eigen(A) : infinite or missing values in 'x'
     Calls: plot -> plot -> .local -> plotCluster -> ellipse -> eigen
     Execution halted
Flavor: r-release-windows-ix86+x86_64