Last updated on 2024-04-23 22:55:34 CEST.
Flavor | Version | Tinstall | Tcheck | Ttotal | Status | Flags |
---|---|---|---|---|---|---|
r-devel-linux-x86_64-debian-clang | 2.1.10 | 634.26 | 70.46 | 704.72 | OK | |
r-devel-linux-x86_64-debian-gcc | 2.1.10 | 555.61 | 94.51 | 650.12 | OK | |
r-devel-linux-x86_64-fedora-clang | 2.1.10 | 1145.22 | OK | |||
r-devel-linux-x86_64-fedora-gcc | 2.1.10 | 1201.52 | OK | |||
r-prerel-macos-arm64 | 2.1.10 | 172.00 | NOTE | |||
r-prerel-windows-x86_64 | 2.1.10 | 498.00 | 140.00 | 638.00 | OK | |
r-patched-linux-x86_64 | 2.1.10 | 698.03 | 118.50 | 816.53 | OK | |
r-release-linux-x86_64 | 2.1.10 | 684.10 | 117.21 | 801.31 | OK | |
r-release-macos-arm64 | 2.1.10 | 204.00 | NOTE | |||
r-release-macos-x86_64 | 2.1.10 | 225.00 | NOTE | |||
r-release-windows-x86_64 | 2.1.10 | 682.00 | 173.00 | 855.00 | OK | |
r-oldrel-macos-arm64 | 2.1.10 | 205.00 | NOTE | |||
r-oldrel-windows-x86_64 | 2.1.10 | 681.00 | 153.00 | 834.00 | OK |
Version: 2.1.10
Check: installed package size
Result: NOTE
installed size is 44.1Mb
sub-directories of 1Mb or more:
libs 43.2Mb
Flavors: r-prerel-macos-arm64, r-release-macos-arm64, r-release-macos-x86_64, r-oldrel-macos-arm64