Last updated on 2023-10-01 23:03:56 CEST.
Flavor | Version | Tinstall | Tcheck | Ttotal | Status | Flags |
---|---|---|---|---|---|---|
r-devel-linux-x86_64-debian-clang | 0.7-1 | 7.96 | 44.56 | 52.52 | OK | |
r-devel-linux-x86_64-debian-gcc | 0.7-1 | 5.78 | 34.32 | 40.10 | OK | |
r-devel-linux-x86_64-fedora-clang | 0.7-1 | 73.11 | OK | |||
r-devel-linux-x86_64-fedora-gcc | 0.7-1 | 75.18 | OK | |||
r-devel-windows-x86_64 | 0.7-1 | 50.00 | 61.00 | 111.00 | OK | |
r-patched-linux-x86_64 | 0.7-1 | 9.18 | 42.97 | 52.15 | OK | |
r-release-linux-x86_64 | 0.7-1 | 8.41 | 43.44 | 51.85 | OK | |
r-release-macos-x86_64 | 0.7-1 | 114.00 | ERROR | |||
r-release-windows-x86_64 | 0.7-1 | 24.00 | 76.00 | 100.00 | OK | |
r-oldrel-macos-arm64 | 0.6-9.2 | 10.00 | ERROR | |||
r-oldrel-macos-x86_64 | 0.7-1 | 158.00 | ERROR | |||
r-oldrel-windows-x86_64 | 0.7-1 | 215.00 | 104.00 | 319.00 | OK |
Version: 0.7-1
Check: whether package can be installed
Result: ERROR
Installation failed.
Flavors: r-release-macos-x86_64, r-oldrel-macos-x86_64
Version: 0.6-9.2
Check: whether package can be installed
Result: ERROR
Installation failed.
Flavor: r-oldrel-macos-arm64