CRAN Package Check Results for Package Rmpi

Last updated on 2019-08-25 22:47:11 CEST.

Flavor Version Tinstall Tcheck Ttotal Status Flags
r-devel-linux-x86_64-debian-clang 0.6-9 6.77 30.45 37.22 OK
r-devel-linux-x86_64-debian-gcc 0.6-9 5.50 23.96 29.46 OK
r-devel-linux-x86_64-fedora-clang 0.6-9 46.87 OK
r-devel-linux-x86_64-fedora-gcc 0.6-9 45.01 NOTE
r-devel-windows-ix86+x86_64 0.6-9 55.00 52.00 107.00 OK
r-patched-linux-x86_64 0.6-9 5.63 29.94 35.57 OK
r-patched-solaris-x86 0.6-9 62.50 OK
r-release-linux-x86_64 0.6-9 5.50 30.41 35.91 OK
r-release-windows-ix86+x86_64 0.6-9 34.00 75.00 109.00 OK
r-release-osx-x86_64 0.6-9 ERROR
r-oldrel-windows-ix86+x86_64 0.6-9 33.00 49.00 82.00 OK
r-oldrel-osx-x86_64 0.6-9 ERROR

Check Details

Version: 0.6-9
Check: for detritus in the temp directory
Result: NOTE
    Found the following files/directories:
     ‘ompi.gannet.1234’
Flavor: r-devel-linux-x86_64-fedora-gcc

Version: 0.6-9
Check: whether package can be installed
Result: ERROR
    Installation failed.
Flavors: r-release-osx-x86_64, r-oldrel-osx-x86_64