CRAN Package Check Results for Package Rmpi

Last updated on 2020-01-17 22:51:04 CET.

Flavor Version Tinstall Tcheck Ttotal Status Flags
r-devel-linux-x86_64-debian-clang 0.6-9 7.43 31.80 39.23 OK
r-devel-linux-x86_64-debian-gcc 0.6-9 5.76 24.92 30.68 OK
r-devel-linux-x86_64-fedora-clang 0.6-9 48.70 OK
r-devel-linux-x86_64-fedora-gcc 0.6-9 47.08 OK
r-devel-windows-ix86+x86_64 0.6-9 67.00 73.00 140.00 OK
r-devel-windows-ix86+x86_64-gcc8 0.6-9 33.00 69.00 102.00 OK
r-patched-linux-x86_64 0.6-9 5.78 29.23 35.01 OK
r-patched-solaris-x86 0.6-9 58.20 OK
r-release-linux-x86_64 0.6-9 5.59 29.16 34.75 OK
r-release-windows-ix86+x86_64 0.6-9 34.00 75.00 109.00 OK
r-release-osx-x86_64 0.6-9 ERROR
r-oldrel-windows-ix86+x86_64 0.6-9 33.00 49.00 82.00 OK
r-oldrel-osx-x86_64 0.6-9 ERROR

Check Details

Version: 0.6-9
Check: whether package can be installed
Result: ERROR
    Installation failed.
Flavors: r-release-osx-x86_64, r-oldrel-osx-x86_64