CRAN Package Check Results for Package RobPer

Last updated on 2018-06-24 22:49:35 CEST.

Flavor Version Tinstall Tcheck Ttotal Status Flags
r-devel-linux-x86_64-debian-clang 1.2.2 6.33 137.46 143.79 OK
r-devel-linux-x86_64-debian-gcc 1.2.2 6.15 104.46 110.61 OK
r-devel-linux-x86_64-fedora-clang 1.2.2 172.93 OK
r-devel-linux-x86_64-fedora-gcc 1.2.2 164.78 OK
r-devel-windows-ix86+x86_64 1.2.2 18.00 147.00 165.00 OK
r-patched-linux-x86_64 1.2.2 5.80 123.35 129.15 OK
r-patched-solaris-x86 1.2.2 213.20 OK
r-release-linux-x86_64 1.2.2 5.00 122.38 127.38 OK
r-release-windows-ix86+x86_64 1.2.2 14.00 145.00 159.00 OK
r-release-osx-x86_64 1.2.2 OK
r-oldrel-windows-ix86+x86_64 1.2.2 13.00 137.00 150.00 OK
r-oldrel-osx-x86_64 1.2.2 NOTE

Check Details

Version: 1.2.2
Check: re-building of vignette outputs
Result: NOTE
    Error in re-building vignettes:
     ...
    Loading required package: rgenoud
    ## rgenoud (Version 5.7-12.4, Build Date: 2015-07-19)
    ## See http://sekhon.berkeley.edu/rgenoud for additional documentation.
    ## Please cite software as:
    ## Walter Mebane, Jr. and Jasjeet S. Sekhon. 2011.
    ## ``Genetic Optimization Using Derivatives: The rgenoud package for R.''
    ## Journal of Statistical Software, 42(11): 1-26.
    ##
    
    Error in texi2dvi(file = file, pdf = TRUE, clean = clean, quiet = quiet, :
     Running 'texi2dvi' on 'RobPer_vignette.tex' failed.
    LaTeX errors:
    ! LaTeX Error: File `dsfont.sty' not found.
    
    Type X to quit or <RETURN> to proceed,
    or enter new name. (Default extension: sty)
    
    ! Emergency stop.
    <read *>
    
    l.4 \usepackage
     {thumbpdf,lmodern}^^M
    ! ==> Fatal error occurred, no output PDF file produced!
    Calls: buildVignettes -> texi2pdf -> texi2dvi
    Execution halted
Flavor: r-oldrel-osx-x86_64