Last updated on 2024-03-28 23:01:57 CET.
Flavor | Version | Tinstall | Tcheck | Ttotal | Status | Flags |
---|---|---|---|---|---|---|
r-devel-linux-x86_64-debian-clang | 2023.1 | 11.19 | 81.99 | 93.18 | NOTE | |
r-devel-linux-x86_64-debian-gcc | 2023.1 | 10.06 | 60.30 | 70.36 | NOTE | |
r-devel-linux-x86_64-fedora-clang | 2023.1 | 116.50 | NOTE | |||
r-devel-linux-x86_64-fedora-gcc | 2023.1 | 112.98 | NOTE | |||
r-devel-windows-x86_64 | 2023.1 | 12.00 | 75.00 | 87.00 | NOTE | |
r-patched-linux-x86_64 | 2023.1 | 14.60 | 79.31 | 93.91 | NOTE | |
r-release-linux-x86_64 | 2023.1 | 9.97 | 77.50 | 87.47 | OK | |
r-release-macos-arm64 | 2023.1 | 32.00 | OK | |||
r-release-macos-x86_64 | 2023.1 | 83.00 | OK | |||
r-release-windows-x86_64 | 2023.1 | 15.00 | 88.00 | 103.00 | OK | |
r-oldrel-macos-arm64 | 2023.1 | 32.00 | OK | |||
r-oldrel-windows-x86_64 | 2023.1 | 16.00 | 95.00 | 111.00 | OK |
Version: 2023.1
Check: Rd files
Result: NOTE
checkRd: (-1) simpopmlx.Rd:24: Lost braces; missing escapes or markup?
24 | \item{fim}{the (\emph{string}) Fisher Information Matrix estimated by Monolix. fim={"sa", "lin"} (default="sa")}
| ^
checkRd: (-1) writeData.Rd:18: Lost braces; missing escapes or markup?
18 | It must be one of {"\\t", " ", ";", ","}}
| ^
checkRd: (-1) writeData.Rd:21: Lost braces; missing escapes or markup?
21 | It must be one of {"csv", "txt"}
| ^
Flavors: r-devel-linux-x86_64-debian-clang, r-devel-linux-x86_64-debian-gcc, r-devel-linux-x86_64-fedora-clang, r-devel-linux-x86_64-fedora-gcc, r-devel-windows-x86_64, r-patched-linux-x86_64