Last updated on 2023-09-22 23:05:10 CEST.
Flavor | Version | Tinstall | Tcheck | Ttotal | Status | Flags |
---|---|---|---|---|---|---|
r-devel-linux-x86_64-debian-clang | 0.1-33 | 4.32 | 23.82 | 28.14 | OK | |
r-devel-linux-x86_64-debian-gcc | 0.1-33 | 2.85 | 18.67 | 21.52 | OK | |
r-devel-linux-x86_64-fedora-clang | 0.1-33 | 36.74 | NOTE | |||
r-devel-linux-x86_64-fedora-gcc | 0.1-33 | 37.42 | OK | |||
r-devel-windows-x86_64 | 0.1-33 | 14.00 | 86.00 | 100.00 | OK | |
r-patched-linux-x86_64 | 0.1-33 | 3.43 | 22.80 | 26.23 | OK | |
r-release-linux-x86_64 | 0.1-33 | 3.84 | 23.12 | 26.96 | OK | |
r-release-macos-arm64 | 0.1-33 | 21.00 | OK | |||
r-release-macos-x86_64 | 0.1-33 | 26.00 | OK | |||
r-release-windows-x86_64 | 0.1-33 | 14.00 | 102.00 | 116.00 | OK | |
r-oldrel-macos-arm64 | 0.1-33 | 20.00 | OK | |||
r-oldrel-macos-x86_64 | 0.1-33 | 24.00 | OK | |||
r-oldrel-windows-x86_64 | 0.1-33 | 11.00 | 82.00 | 93.00 | OK |
Version: 0.1-33
Check: Rd cross-references
Result: NOTE
Undeclared packages ‘lpSolve’, ‘Rglpk’ in Rd xrefs
Flavor: r-devel-linux-x86_64-fedora-clang