Last updated on 2024-04-26 22:54:57 CEST.
Flavor | Version | Tinstall | Tcheck | Ttotal | Status | Flags |
---|---|---|---|---|---|---|
r-devel-linux-x86_64-debian-clang | 2.0.3 | 68.63 | 336.78 | 405.41 | OK | |
r-devel-linux-x86_64-debian-gcc | 2.0.3 | 45.58 | 236.57 | 282.15 | OK | |
r-devel-linux-x86_64-fedora-clang | 2.0.3 | 499.18 | NOTE | |||
r-devel-linux-x86_64-fedora-gcc | 2.0.3 | 483.11 | OK | |||
r-devel-windows-x86_64 | 2.0.3 | 52.00 | 200.00 | 252.00 | NOTE | |
r-patched-linux-x86_64 | 2.0.3 | 45.92 | 321.64 | 367.56 | OK | |
r-release-linux-x86_64 | 2.0.3 | 44.34 | 318.46 | 362.80 | OK | |
r-release-macos-arm64 | 2.0.3 | 115.00 | NOTE | |||
r-release-windows-x86_64 | 2.0.3 | 52.00 | 199.00 | 251.00 | NOTE | |
r-oldrel-macos-arm64 | 2.0.3 | 118.00 | NOTE | |||
r-oldrel-macos-x86_64 | 2.0.3 | 254.00 | NOTE | |||
r-oldrel-windows-x86_64 | 2.0.3 | 72.00 | 273.00 | 345.00 | NOTE |
Version: 2.0.3
Check: installed package size
Result: NOTE
installed size is 5.2Mb
sub-directories of 1Mb or more:
R 5.0Mb
Flavors: r-devel-linux-x86_64-fedora-clang, r-devel-windows-x86_64, r-release-macos-arm64, r-release-windows-x86_64, r-oldrel-macos-arm64, r-oldrel-macos-x86_64, r-oldrel-windows-x86_64