CRAN Package Check Results for Package Rttf2pt1

Last updated on 2019-12-10 22:49:47 CET.

Flavor Version Tinstall Tcheck Ttotal Status Flags
r-devel-linux-x86_64-debian-clang 1.3.7 10.25 17.28 27.53 OK
r-devel-linux-x86_64-debian-gcc 1.3.7 6.28 13.98 20.26 WARN
r-devel-linux-x86_64-fedora-clang 1.3.7 35.62 OK
r-devel-linux-x86_64-fedora-gcc 1.3.7 33.64 WARN
r-devel-windows-ix86+x86_64 1.3.7 15.00 29.00 44.00 OK
r-devel-windows-ix86+x86_64-gcc8 1.3.7 15.00 26.00 41.00 OK
r-patched-linux-x86_64 1.3.7 7.48 16.05 23.53 OK
r-patched-solaris-x86 1.3.7 53.70 OK
r-release-linux-x86_64 1.3.7 7.99 16.01 24.00 OK
r-release-windows-ix86+x86_64 1.3.7 13.00 36.00 49.00 OK
r-release-osx-x86_64 1.3.7 OK
r-oldrel-windows-ix86+x86_64 1.3.7 10.00 26.00 36.00 OK
r-oldrel-osx-x86_64 1.3.7 OK

Additional issues

clang10

Check Details

Version: 1.3.7
Check: whether package can be installed
Result: WARN
    Found the following significant warnings:
     global.h:108:26: warning: statement with no effect [-Wunused-value]
     global.h:109:28: warning: statement with no effect [-Wunused-value]
Flavors: r-devel-linux-x86_64-debian-gcc, r-devel-linux-x86_64-fedora-gcc