Last updated on 2024-04-18 22:52:58 CEST.
Flavor | Version | Tinstall | Tcheck | Ttotal | Status | Flags |
---|---|---|---|---|---|---|
r-devel-linux-x86_64-debian-clang | 1.8.0 | 2.50 | 27.54 | 30.04 | NOTE | |
r-devel-linux-x86_64-debian-gcc | 1.8.0 | 2.14 | 20.82 | 22.96 | NOTE | |
r-devel-linux-x86_64-fedora-clang | 1.8.0 | 37.13 | NOTE | |||
r-devel-linux-x86_64-fedora-gcc | 1.8.0 | 36.00 | NOTE | |||
r-prerel-macos-arm64 | 1.8.0 | 18.00 | OK | |||
r-prerel-windows-x86_64 | 1.8.0 | 3.00 | 45.00 | 48.00 | OK | |
r-patched-linux-x86_64 | 1.8.0 | 3.02 | 26.61 | 29.63 | NOTE | |
r-release-linux-x86_64 | 1.8.0 | 2.04 | 26.38 | 28.42 | NOTE | |
r-release-macos-arm64 | 1.8.0 | 19.00 | OK | |||
r-release-macos-x86_64 | 1.8.0 | 22.00 | OK | |||
r-release-windows-x86_64 | 1.8.0 | 3.00 | 43.00 | 46.00 | OK | |
r-oldrel-macos-arm64 | 1.8.0 | 16.00 | OK | |||
r-oldrel-windows-x86_64 | 1.8.0 | 6.00 | 51.00 | 57.00 | OK |
Version: 1.8.0
Check: for non-standard things in the check directory
Result: NOTE
Found the following files/directories:
‘Tsttwalk.dat’
Flavors: r-devel-linux-x86_64-debian-clang, r-devel-linux-x86_64-debian-gcc, r-devel-linux-x86_64-fedora-clang, r-devel-linux-x86_64-fedora-gcc, r-patched-linux-x86_64, r-release-linux-x86_64