Last updated on 2024-03-28 23:01:57 CET.
Flavor | Version | Tinstall | Tcheck | Ttotal | Status | Flags |
---|---|---|---|---|---|---|
r-devel-linux-x86_64-debian-clang | 0.8-3 | 83.02 | 68.29 | 151.31 | NOTE | |
r-devel-linux-x86_64-debian-gcc | 0.8-3 | 70.07 | 49.39 | 119.46 | NOTE | |
r-devel-linux-x86_64-fedora-clang | 0.8-3 | 220.97 | NOTE | |||
r-devel-linux-x86_64-fedora-gcc | 0.8-3 | 215.71 | NOTE | |||
r-devel-windows-x86_64 | 0.8-3 | 65.00 | 98.00 | 163.00 | NOTE | |
r-patched-linux-x86_64 | 0.8-3 | 87.60 | 65.15 | 152.75 | NOTE | |
r-release-linux-x86_64 | 0.8-3 | 89.56 | 63.56 | 153.12 | NOTE | |
r-release-macos-arm64 | 0.8-3 | 57.00 | NOTE | |||
r-release-macos-x86_64 | 0.8-3 | 92.00 | NOTE | |||
r-release-windows-x86_64 | 0.8-3 | 83.00 | 113.00 | 196.00 | NOTE | |
r-oldrel-macos-arm64 | 0.8-3 | 52.00 | NOTE | |||
r-oldrel-windows-x86_64 | 0.8-3 | 81.00 | 108.00 | 189.00 | OK |
Version: 0.8-3
Check: C++ specification
Result: NOTE
Specified C++11: please drop specification unless essential
Flavors: r-devel-linux-x86_64-debian-clang, r-devel-linux-x86_64-debian-gcc, r-devel-linux-x86_64-fedora-clang, r-devel-linux-x86_64-fedora-gcc, r-devel-windows-x86_64, r-patched-linux-x86_64, r-release-linux-x86_64, r-release-macos-arm64, r-release-macos-x86_64, r-release-windows-x86_64
Version: 0.8-3
Check: installed package size
Result: NOTE
installed size is 11.0Mb
sub-directories of 1Mb or more:
libs 10.1Mb
Flavors: r-release-macos-arm64, r-release-macos-x86_64, r-oldrel-macos-arm64