Last updated on 2023-03-29 23:09:15 CEST.
Flavor | Version | Tinstall | Tcheck | Ttotal | Status | Flags |
---|---|---|---|---|---|---|
r-devel-linux-x86_64-debian-clang | 1.1.5 | 109.89 | 114.47 | 224.36 | NOTE | |
r-devel-linux-x86_64-debian-gcc | 1.1.5 | 95.32 | 84.39 | 179.71 | NOTE | |
r-devel-linux-x86_64-fedora-clang | 1.1.5 | 357.09 | NOTE | |||
r-devel-linux-x86_64-fedora-gcc | 1.1.5 | 332.10 | NOTE | |||
r-devel-windows-x86_64 | 1.1.5 | 292.00 | 221.00 | 513.00 | NOTE | |
r-patched-linux-x86_64 | 1.1.5 | 103.03 | 108.43 | 211.46 | NOTE | |
r-release-linux-x86_64 | 1.1.5 | 98.16 | 107.79 | 205.95 | OK | |
r-release-macos-arm64 | 1.1.5 | 81.00 | NOTE | |||
r-release-macos-x86_64 | 1.1.5 | 136.00 | NOTE | |||
r-release-windows-x86_64 | 1.1.5 | 225.00 | 190.00 | 415.00 | NOTE | |
r-oldrel-macos-arm64 | 1.1.5 | 89.00 | NOTE | |||
r-oldrel-macos-x86_64 | 1.1.5 | 157.00 | NOTE | |||
r-oldrel-windows-ix86+x86_64 | 1.1.5 | 281.00 | 209.00 | 490.00 | NOTE |
Version: 1.1.5
Check: C++ specification
Result: NOTE
Specified C++14: please drop specification unless essential
Flavors: r-devel-linux-x86_64-debian-clang, r-devel-linux-x86_64-debian-gcc, r-devel-linux-x86_64-fedora-clang, r-devel-linux-x86_64-fedora-gcc, r-devel-windows-x86_64, r-patched-linux-x86_64
Version: 1.1.5
Check: package dependencies
Result: NOTE
Package suggested but not available for checking: 'unix'
Flavors: r-devel-windows-x86_64, r-release-windows-x86_64, r-oldrel-windows-ix86+x86_64
Version: 1.1.5
Check: installed package size
Result: NOTE
installed size is 10.8Mb
sub-directories of 1Mb or more:
libs 8.9Mb
yacas 1.3Mb
Flavors: r-release-macos-arm64, r-release-macos-x86_64, r-oldrel-macos-arm64, r-oldrel-macos-x86_64