Last updated on 2023-12-06 23:12:13 CET.
Flavor | Version | Tinstall | Tcheck | Ttotal | Status | Flags |
---|---|---|---|---|---|---|
r-devel-linux-x86_64-debian-clang | 1.1.1 | 129.75 | 31.04 | 160.79 | NOTE | |
r-devel-linux-x86_64-debian-gcc | 1.1.1 | 83.13 | 24.41 | 107.54 | NOTE | |
r-devel-linux-x86_64-fedora-clang | 1.1.1 | 180.89 | NOTE | |||
r-devel-linux-x86_64-fedora-gcc | 1.1.1 | 215.83 | NOTE | |||
r-devel-windows-x86_64 | 1.1.1 | 76.00 | 71.00 | 147.00 | NOTE | |
r-patched-linux-x86_64 | 1.1.1 | 92.97 | 30.39 | 123.36 | NOTE | |
r-release-linux-x86_64 | 1.1.1 | 107.64 | 31.05 | 138.69 | NOTE | |
r-release-macos-arm64 | 1.1.1 | 56.00 | NOTE | |||
r-release-macos-x86_64 | 1.1.1 | 95.00 | NOTE | |||
r-release-windows-x86_64 | 1.1.1 | 109.00 | 79.00 | 188.00 | NOTE | |
r-oldrel-macos-arm64 | 1.1.1 | 57.00 | NOTE | |||
r-oldrel-macos-x86_64 | 1.1.1 | 64.00 | NOTE | |||
r-oldrel-windows-x86_64 | 1.1.1 | 91.00 | 76.00 | 167.00 | OK |
Version: 1.1.1
Check: C++ specification
Result: NOTE
Specified C++11: please drop specification unless essential
Flavors: r-devel-linux-x86_64-debian-clang, r-devel-linux-x86_64-debian-gcc, r-devel-linux-x86_64-fedora-clang, r-devel-linux-x86_64-fedora-gcc, r-devel-windows-x86_64, r-patched-linux-x86_64, r-release-linux-x86_64, r-release-macos-arm64, r-release-macos-x86_64, r-release-windows-x86_64
Version: 1.1.1
Check: Rd contents
Result: NOTE
Auto-generated content requiring editing in Rd file 'SAMM-package.Rd':
\seealso: ‘~~ Optional links to other man pages, e.g. ~~’
Flavors: r-devel-linux-x86_64-debian-clang, r-devel-linux-x86_64-debian-gcc, r-devel-linux-x86_64-fedora-clang, r-devel-linux-x86_64-fedora-gcc, r-devel-windows-x86_64
Version: 1.1.1
Check: installed package size
Result: NOTE
installed size is 15.6Mb
sub-directories of 1Mb or more:
libs 15.5Mb
Flavors: r-release-macos-arm64, r-release-macos-x86_64, r-oldrel-macos-arm64, r-oldrel-macos-x86_64