Last updated on 2024-03-28 23:01:57 CET.
Flavor | Version | Tinstall | Tcheck | Ttotal | Status | Flags |
---|---|---|---|---|---|---|
r-devel-linux-x86_64-debian-clang | 0.1.1 | 38.96 | 77.55 | 116.51 | NOTE | |
r-devel-linux-x86_64-debian-gcc | 0.1.1 | 29.08 | 60.51 | 89.59 | NOTE | |
r-devel-linux-x86_64-fedora-clang | 0.1.1 | 156.24 | NOTE | |||
r-devel-linux-x86_64-fedora-gcc | 0.1.1 | 154.19 | NOTE | |||
r-devel-windows-x86_64 | 0.1.1 | 32.00 | 90.00 | 122.00 | NOTE | |
r-patched-linux-x86_64 | 0.1.1 | 41.06 | 78.75 | 119.81 | NOTE | |
r-release-linux-x86_64 | 0.1.1 | 43.44 | 76.82 | 120.26 | NOTE | |
r-release-macos-arm64 | 0.1.1 | 48.00 | NOTE | |||
r-release-macos-x86_64 | 0.1.1 | 73.00 | NOTE | |||
r-release-windows-x86_64 | 0.1.1 | 38.00 | 110.00 | 148.00 | NOTE | |
r-oldrel-macos-arm64 | 0.1.1 | 38.00 | OK | |||
r-oldrel-windows-x86_64 | 0.1.1 | 40.00 | 103.00 | 143.00 | OK |
Version: 0.1.1
Check: C++ specification
Result: NOTE
Specified C++11: please drop specification unless essential
Flavors: r-devel-linux-x86_64-debian-clang, r-devel-linux-x86_64-debian-gcc, r-devel-linux-x86_64-fedora-clang, r-devel-linux-x86_64-fedora-gcc, r-devel-windows-x86_64, r-patched-linux-x86_64, r-release-linux-x86_64, r-release-macos-arm64, r-release-macos-x86_64, r-release-windows-x86_64