Last updated on 2024-03-27 22:57:58 CET.
Flavor | Version | Tinstall | Tcheck | Ttotal | Status | Flags |
---|---|---|---|---|---|---|
r-devel-linux-x86_64-debian-clang | 1.0.0 | 3.37 | 47.83 | 51.20 | NOTE | |
r-devel-linux-x86_64-debian-gcc | 1.0.0 | 2.65 | 35.85 | 38.50 | NOTE | |
r-devel-linux-x86_64-fedora-clang | 1.0.0 | 63.63 | NOTE | |||
r-devel-linux-x86_64-fedora-gcc | 1.0.0 | 72.84 | NOTE | |||
r-devel-windows-x86_64 | 1.0.0 | 4.00 | 66.00 | 70.00 | NOTE | |
r-patched-linux-x86_64 | 1.0.0 | 3.50 | 43.93 | 47.43 | NOTE | |
r-release-linux-x86_64 | 1.0.0 | 3.34 | 44.19 | 47.53 | NOTE | |
r-release-macos-arm64 | 1.0.0 | 31.00 | NOTE | |||
r-release-macos-x86_64 | 1.0.0 | 40.00 | NOTE | |||
r-release-windows-x86_64 | 1.0.0 | 4.00 | 65.00 | 69.00 | NOTE | |
r-oldrel-macos-arm64 | 1.0.0 | 28.00 | NOTE | |||
r-oldrel-windows-x86_64 | 1.0.0 | 5.00 | 67.00 | 72.00 | NOTE |
Version: 1.0.0
Check: LazyData
Result: NOTE
'LazyData' is specified without a 'data' directory
Flavors: r-devel-linux-x86_64-debian-clang, r-devel-linux-x86_64-debian-gcc, r-devel-linux-x86_64-fedora-clang, r-devel-linux-x86_64-fedora-gcc, r-devel-windows-x86_64, r-patched-linux-x86_64, r-release-linux-x86_64, r-release-macos-arm64, r-release-macos-x86_64, r-release-windows-x86_64, r-oldrel-macos-arm64, r-oldrel-windows-x86_64