CRAN Package Check Results for Package SCCI

Last updated on 2019-08-23 22:50:09 CEST.

Flavor Version Tinstall Tcheck Ttotal Status Flags
r-devel-linux-x86_64-debian-clang 1.2 16.53 24.61 41.14 OK
r-devel-linux-x86_64-debian-gcc 1.2 OK
r-devel-linux-x86_64-fedora-clang 1.2 56.87 OK
r-devel-linux-x86_64-fedora-gcc 1.2 51.07 OK
r-devel-windows-ix86+x86_64 1.2 34.00 132.00 166.00 OK
r-patched-linux-x86_64 1.2 11.45 24.40 35.85 OK
r-patched-solaris-x86 1.2 69.80 OK
r-release-linux-x86_64 1.2 13.14 24.42 37.56 OK
r-release-windows-ix86+x86_64 1.2 28.00 81.00 109.00 OK
r-release-osx-x86_64 1.2 NOTE
r-oldrel-windows-ix86+x86_64 1.2 38.00 85.00 123.00 OK
r-oldrel-osx-x86_64 1.2 OK

Check Details

Version: 1.2
Check: package dependencies
Result: NOTE
    Packages suggested but not available for checking: 'pcalg', 'Rgraphviz'
Flavor: r-release-osx-x86_64