CRAN Package Check Results for Package SCCI

Last updated on 2020-01-18 22:48:45 CET.

Flavor Version Tinstall Tcheck Ttotal Status Flags
r-devel-linux-x86_64-debian-clang 1.2 17.84 25.33 43.17 OK
r-devel-linux-x86_64-debian-gcc 1.2 11.28 20.32 31.60 OK
r-devel-linux-x86_64-fedora-clang 1.2 65.65 OK
r-devel-linux-x86_64-fedora-gcc 1.2 54.25 OK
r-devel-windows-ix86+x86_64 1.2 56.00 88.00 144.00 OK
r-devel-windows-ix86+x86_64-gcc8 1.2 37.00 64.00 101.00 OK
r-patched-linux-x86_64 1.2 11.77 23.55 35.32 OK
r-patched-solaris-x86 1.2 65.30 OK
r-release-linux-x86_64 1.2 12.40 23.38 35.78 OK
r-release-windows-ix86+x86_64 1.2 51.00 78.00 129.00 OK
r-release-osx-x86_64 1.2 NOTE
r-oldrel-windows-ix86+x86_64 1.2 40.00 55.00 95.00 OK
r-oldrel-osx-x86_64 1.2 OK

Check Details

Version: 1.2
Check: package dependencies
Result: NOTE
    Packages suggested but not available for checking: 'pcalg', 'Rgraphviz'
Flavor: r-release-osx-x86_64