CRAN Package Check Results for Package SCEPtER

Last updated on 2018-09-23 22:47:13 CEST.

Flavor Version Tinstall Tcheck Ttotal Status Flags
r-devel-linux-x86_64-debian-clang 0.2-1 3.67 20.92 24.59 OK
r-devel-linux-x86_64-debian-gcc 0.2-1 3.16 17.22 20.38 OK
r-devel-linux-x86_64-fedora-clang 0.2-1 29.29 NOTE
r-devel-linux-x86_64-fedora-gcc 0.2-1 28.97 NOTE
r-devel-windows-ix86+x86_64 0.2-1 12.00 54.00 66.00 NOTE
r-patched-linux-x86_64 0.2-1 3.31 19.33 22.64 OK
r-patched-solaris-x86 0.2-1 46.30 NOTE
r-release-linux-x86_64 0.2-1 3.73 19.48 23.21 OK
r-release-windows-ix86+x86_64 0.2-1 9.00 50.00 59.00 NOTE
r-release-osx-x86_64 0.2-1 NOTE
r-oldrel-windows-ix86+x86_64 0.2-1 8.00 51.00 59.00 NOTE
r-oldrel-osx-x86_64 0.2-1 NOTE

Check Details

Version: 0.2-1
Check: installed package size
Result: NOTE
     installed size is 6.8Mb
     sub-directories of 1Mb or more:
     data 6.7Mb
Flavors: r-devel-linux-x86_64-fedora-clang, r-devel-windows-ix86+x86_64, r-patched-solaris-x86, r-release-windows-ix86+x86_64, r-release-osx-x86_64, r-oldrel-windows-ix86+x86_64, r-oldrel-osx-x86_64

Version: 0.2-1
Check: compiled code
Result: NOTE
    File ‘SCEPtER/libs/SCEPtER.so’:
     Found no calls to: ‘R_registerRoutines’, ‘R_useDynamicSymbols’
    
    It is good practice to register native routines and to disable symbol
    search.
    
    See ‘Writing portable packages’ in the ‘Writing R Extensions’ manual.
Flavors: r-devel-linux-x86_64-fedora-clang, r-devel-linux-x86_64-fedora-gcc