CRAN Package Check Results for Package SCEPtER

Last updated on 2019-09-14 22:48:37 CEST.

Flavor Version Tinstall Tcheck Ttotal Status Flags
r-devel-linux-x86_64-debian-clang 0.2-1 4.62 20.86 25.48 OK
r-devel-linux-x86_64-debian-gcc 0.2-1 3.97 17.28 21.25 OK
r-devel-linux-x86_64-fedora-clang 0.2-1 32.13 NOTE
r-devel-linux-x86_64-fedora-gcc 0.2-1 30.04 NOTE
r-devel-windows-ix86+x86_64 0.2-1 16.00 40.00 56.00 NOTE
r-patched-linux-x86_64 0.2-1 4.46 20.94 25.40 OK
r-patched-solaris-x86 0.2-1 54.20 NOTE
r-release-linux-x86_64 0.2-1 4.22 20.89 25.11 OK
r-release-windows-ix86+x86_64 0.2-1 12.00 55.00 67.00 NOTE
r-release-osx-x86_64 0.2-1 NOTE
r-oldrel-windows-ix86+x86_64 0.2-1 11.00 40.00 51.00 NOTE
r-oldrel-osx-x86_64 0.2-1 NOTE

Check Details

Version: 0.2-1
Check: installed package size
Result: NOTE
     installed size is 6.8Mb
     sub-directories of 1Mb or more:
     data 6.7Mb
Flavors: r-devel-linux-x86_64-fedora-clang, r-devel-windows-ix86+x86_64, r-patched-solaris-x86, r-release-windows-ix86+x86_64, r-release-osx-x86_64, r-oldrel-windows-ix86+x86_64, r-oldrel-osx-x86_64

Version: 0.2-1
Check: compiled code
Result: NOTE
    File ‘SCEPtER/libs/SCEPtER.so’:
     Found no calls to: ‘R_registerRoutines’, ‘R_useDynamicSymbols’
    
    It is good practice to register native routines and to disable symbol
    search.
    
    See ‘Writing portable packages’ in the ‘Writing R Extensions’ manual.
Flavors: r-devel-linux-x86_64-fedora-clang, r-devel-linux-x86_64-fedora-gcc