CRAN Package Check Results for Package SCEPtER

Last updated on 2018-02-23 22:48:16 CET.

Flavor Version Tinstall Tcheck Ttotal Status Flags
r-devel-linux-x86_64-debian-clang 0.2-1 3.25 19.56 22.81 NOTE
r-devel-linux-x86_64-debian-gcc 0.2-1 2.99 15.93 18.92 NOTE
r-devel-linux-x86_64-fedora-clang 0.2-1 27.26 NOTE
r-devel-linux-x86_64-fedora-gcc 0.2-1 26.70 NOTE
r-devel-windows-ix86+x86_64 0.2-1 13.00 56.00 69.00 NOTE
r-patched-linux-x86_64 0.2-1 3.55 19.15 22.70 NOTE
r-patched-solaris-x86 0.2-1 40.50 NOTE
r-release-linux-x86_64 0.2-1 3.58 19.24 22.82 NOTE
r-release-windows-ix86+x86_64 0.2-1 11.00 45.00 56.00 NOTE
r-release-osx-x86_64 0.2-1 NOTE
r-oldrel-windows-ix86+x86_64 0.2-1 9.00 44.00 53.00 NOTE
r-oldrel-osx-x86_64 0.2-1 NOTE

Check Details

Version: 0.2-1
Check: compiled code
Result: NOTE
    File ‘SCEPtER/libs/SCEPtER.so’:
     Found no calls to: ‘R_registerRoutines’, ‘R_useDynamicSymbols’
    
    It is good practice to register native routines and to disable symbol
    search.
    
    See ‘Writing portable packages’ in the ‘Writing R Extensions’ manual.
Flavors: r-devel-linux-x86_64-debian-clang, r-devel-linux-x86_64-debian-gcc, r-devel-linux-x86_64-fedora-clang, r-devel-linux-x86_64-fedora-gcc, r-patched-linux-x86_64, r-release-linux-x86_64

Version: 0.2-1
Check: installed package size
Result: NOTE
     installed size is 6.8Mb
     sub-directories of 1Mb or more:
     data 6.7Mb
Flavors: r-devel-linux-x86_64-fedora-clang, r-devel-linux-x86_64-fedora-gcc, r-devel-windows-ix86+x86_64, r-patched-solaris-x86, r-release-windows-ix86+x86_64, r-release-osx-x86_64, r-oldrel-windows-ix86+x86_64, r-oldrel-osx-x86_64