CRAN Package Check Results for Package SCEPtER

Last updated on 2018-06-20 22:49:34 CEST.

Flavor Version Tinstall Tcheck Ttotal Status Flags
r-devel-linux-x86_64-debian-clang 0.2-1 3.17 21.12 24.29 NOTE
r-devel-linux-x86_64-debian-gcc 0.2-1 3.14 16.77 19.91 NOTE
r-devel-linux-x86_64-fedora-clang 0.2-1 28.96 NOTE
r-devel-linux-x86_64-fedora-gcc 0.2-1 27.35 NOTE
r-devel-windows-ix86+x86_64 0.2-1 10.00 55.00 65.00 NOTE
r-patched-linux-x86_64 0.2-1 3.85 19.73 23.58 NOTE
r-patched-solaris-x86 0.2-1 45.70 NOTE
r-release-linux-x86_64 0.2-1 3.41 19.73 23.14 NOTE
r-release-windows-ix86+x86_64 0.2-1 8.00 48.00 56.00 NOTE
r-release-osx-x86_64 0.2-1 NOTE
r-oldrel-windows-ix86+x86_64 0.2-1 12.00 35.00 47.00 NOTE
r-oldrel-osx-x86_64 0.2-1 NOTE

Check Details

Version: 0.2-1
Check: compiled code
Result: NOTE
    File ‘SCEPtER/libs/SCEPtER.so’:
     Found no calls to: ‘R_registerRoutines’, ‘R_useDynamicSymbols’
    
    It is good practice to register native routines and to disable symbol
    search.
    
    See ‘Writing portable packages’ in the ‘Writing R Extensions’ manual.
Flavors: r-devel-linux-x86_64-debian-clang, r-devel-linux-x86_64-debian-gcc, r-devel-linux-x86_64-fedora-clang, r-devel-linux-x86_64-fedora-gcc, r-patched-linux-x86_64, r-release-linux-x86_64

Version: 0.2-1
Check: installed package size
Result: NOTE
     installed size is 6.8Mb
     sub-directories of 1Mb or more:
     data 6.7Mb
Flavors: r-devel-linux-x86_64-fedora-clang, r-devel-windows-ix86+x86_64, r-patched-solaris-x86, r-release-windows-ix86+x86_64, r-release-osx-x86_64, r-oldrel-windows-ix86+x86_64, r-oldrel-osx-x86_64