CRAN Package Check Results for Package SCEPtER

Last updated on 2017-11-21 22:48:34 CET.

Flavor Version Tinstall Tcheck Ttotal Status Flags
r-devel-linux-x86_64-debian-clang 0.2-1 2.60 12.69 15.29 NOTE
r-devel-linux-x86_64-debian-gcc 0.2-1 3.67 30.08 33.75 NOTE
r-devel-linux-x86_64-fedora-clang 0.2-1 24.48 NOTE
r-devel-linux-x86_64-fedora-gcc 0.2-1 25.23 NOTE
r-devel-windows-ix86+x86_64 0.2-1 12.00 34.00 46.00 NOTE
r-patched-linux-x86_64 0.2-1 2.61 13.83 16.44 NOTE
r-patched-solaris-x86 0.2-1 39.80 NOTE
r-release-linux-x86_64 0.2-1 2.56 13.72 16.28 NOTE
r-release-windows-ix86+x86_64 0.2-1 8.00 33.00 41.00 NOTE
r-release-osx-x86_64 0.2-1 NOTE
r-oldrel-windows-ix86+x86_64 0.2-1 9.00 41.00 50.00 NOTE
r-oldrel-osx-x86_64 0.2-1 NOTE

Check Details

Version: 0.2-1
Check: compiled code
Result: NOTE
    File ‘SCEPtER/libs/SCEPtER.so’:
     Found no calls to: ‘R_registerRoutines’, ‘R_useDynamicSymbols’
    
    It is good practice to register native routines and to disable symbol
    search.
    
    See ‘Writing portable packages’ in the ‘Writing R Extensions’ manual.
Flavors: r-devel-linux-x86_64-debian-clang, r-devel-linux-x86_64-debian-gcc, r-devel-linux-x86_64-fedora-clang, r-devel-linux-x86_64-fedora-gcc, r-patched-linux-x86_64, r-release-linux-x86_64

Version: 0.2-1
Check: installed package size
Result: NOTE
     installed size is 6.8Mb
     sub-directories of 1Mb or more:
     data 6.7Mb
Flavors: r-devel-linux-x86_64-fedora-clang, r-devel-linux-x86_64-fedora-gcc, r-devel-windows-ix86+x86_64, r-patched-solaris-x86, r-release-windows-ix86+x86_64, r-release-osx-x86_64, r-oldrel-windows-ix86+x86_64, r-oldrel-osx-x86_64