CRAN Package Check Results for Package SCEPtERbinary

Last updated on 2019-07-17 22:54:39 CEST.

Flavor Version Tinstall Tcheck Ttotal Status Flags
r-devel-linux-x86_64-debian-clang 0.1-1 2.43 20.00 22.43 OK
r-devel-linux-x86_64-debian-gcc 0.1-1 2.11 16.28 18.39 OK
r-devel-linux-x86_64-fedora-clang 0.1-1 27.99 NOTE
r-devel-linux-x86_64-fedora-gcc 0.1-1 26.82 NOTE
r-devel-windows-ix86+x86_64 0.1-1 11.00 39.00 50.00 OK
r-patched-linux-x86_64 0.1-1 2.65 20.27 22.92 OK
r-patched-solaris-x86 0.1-1 47.40 OK
r-release-linux-x86_64 0.1-1 2.25 20.17 22.42 OK
r-release-windows-ix86+x86_64 0.1-1 8.00 64.00 72.00 OK
r-release-osx-x86_64 0.1-1 OK
r-oldrel-windows-ix86+x86_64 0.1-1 6.00 52.00 58.00 OK
r-oldrel-osx-x86_64 0.1-1 OK

Check Details

Version: 0.1-1
Check: compiled code
Result: NOTE
    File ‘SCEPtERbinary/libs/SCEPtERbinary.so’:
     Found no calls to: ‘R_registerRoutines’, ‘R_useDynamicSymbols’
    
    It is good practice to register native routines and to disable symbol
    search.
    
    See ‘Writing portable packages’ in the ‘Writing R Extensions’ manual.
Flavors: r-devel-linux-x86_64-fedora-clang, r-devel-linux-x86_64-fedora-gcc