CRAN Package Check Results for Package SCEPtERbinary

Last updated on 2019-10-16 22:56:10 CEST.

Flavor Version Tinstall Tcheck Ttotal Status Flags
r-devel-linux-x86_64-debian-clang 0.1-1 2.44 19.78 22.22 OK
r-devel-linux-x86_64-debian-gcc 0.1-1 2.32 16.14 18.46 OK
r-devel-linux-x86_64-fedora-clang 0.1-1 29.88 NOTE
r-devel-linux-x86_64-fedora-gcc 0.1-1 28.98 NOTE
r-devel-windows-ix86+x86_64 0.1-1 12.00 43.00 55.00 OK
r-patched-linux-x86_64 0.1-1 2.49 19.78 22.27 OK
r-patched-solaris-x86 0.1-1 44.50 OK
r-release-linux-x86_64 0.1-1 2.31 19.76 22.07 OK
r-release-windows-ix86+x86_64 0.1-1 8.00 59.00 67.00 OK
r-release-osx-x86_64 0.1-1 OK
r-oldrel-windows-ix86+x86_64 0.1-1 7.00 41.00 48.00 OK
r-oldrel-osx-x86_64 0.1-1 OK

Check Details

Version: 0.1-1
Check: compiled code
Result: NOTE
    File ‘SCEPtERbinary/libs/SCEPtERbinary.so’:
     Found no calls to: ‘R_registerRoutines’, ‘R_useDynamicSymbols’
    
    It is good practice to register native routines and to disable symbol
    search.
    
    See ‘Writing portable packages’ in the ‘Writing R Extensions’ manual.
Flavors: r-devel-linux-x86_64-fedora-clang, r-devel-linux-x86_64-fedora-gcc