CRAN Package Check Results for Package SDLfilter

Last updated on 2019-03-20 22:48:10 CET.

Flavor Version Tinstall Tcheck Ttotal Status Flags
r-devel-linux-x86_64-debian-clang 1.2.1 18.80 150.66 169.46 OK
r-devel-linux-x86_64-debian-gcc 1.2.1 16.62 118.56 135.18 OK
r-devel-linux-x86_64-fedora-clang 1.2.1 201.36 NOTE
r-devel-linux-x86_64-fedora-gcc 1.2.1 192.21 NOTE
r-devel-windows-ix86+x86_64 1.2.1 52.00 229.00 281.00 OK
r-patched-linux-x86_64 1.2.1 14.52 146.89 161.41 OK
r-patched-solaris-x86 1.2.1 298.60 NOTE
r-release-linux-x86_64 1.2.1 13.91 147.83 161.74 OK
r-release-windows-ix86+x86_64 1.2.1 31.00 229.00 260.00 OK
r-release-osx-x86_64 1.2.1 NOTE
r-oldrel-windows-ix86+x86_64 1.2.1 35.00 239.00 274.00 OK
r-oldrel-osx-x86_64 1.2.1 NOTE

Check Details

Version: 1.2.1
Check: dependencies in R code
Result: NOTE
    Namespace in Imports field not imported from: ‘maps’
     All declared Imports should be used.
Flavors: r-devel-linux-x86_64-fedora-clang, r-devel-linux-x86_64-fedora-gcc, r-patched-solaris-x86, r-release-osx-x86_64, r-oldrel-osx-x86_64