CRAN Package Check Results for Package SECP

Last updated on 2017-12-15 22:48:08 CET.

Flavor Version Tinstall Tcheck Ttotal Status Flags
r-devel-linux-x86_64-debian-clang 0.1-4 0.72 18.26 18.98 NOTE
r-devel-linux-x86_64-debian-gcc 0.1-4 0.62 15.09 15.71 NOTE
r-devel-linux-x86_64-fedora-clang 0.1-4 22.61 NOTE
r-devel-linux-x86_64-fedora-gcc 0.1-4 51.42 NOTE
r-devel-windows-ix86+x86_64 0.1-4 5.00 39.00 44.00 NOTE
r-patched-linux-x86_64 0.1-4 0.82 16.73 17.55 NOTE
r-patched-solaris-x86 0.1-4 31.10 NOTE
r-release-linux-x86_64 0.1-4 0.80 16.74 17.54 NOTE
r-release-windows-ix86+x86_64 0.1-4 3.00 37.00 40.00 NOTE
r-release-osx-x86_64 0.1-4 NOTE
r-oldrel-windows-ix86+x86_64 0.1-4 4.00 36.00 40.00 NOTE
r-oldrel-osx-x86_64 0.1-4 NOTE

Check Details

Version: 0.1-4
Check: DESCRIPTION meta-information
Result: NOTE
    Malformed Description field: should contain one or more complete sentences.
Flavors: r-devel-linux-x86_64-debian-clang, r-devel-linux-x86_64-debian-gcc, r-devel-linux-x86_64-fedora-clang, r-devel-linux-x86_64-fedora-gcc, r-devel-windows-ix86+x86_64, r-patched-linux-x86_64, r-patched-solaris-x86, r-release-linux-x86_64, r-release-windows-ix86+x86_64, r-release-osx-x86_64, r-oldrel-windows-ix86+x86_64, r-oldrel-osx-x86_64

Version: 0.1-4
Check: R code for possible problems
Result: NOTE
    fdc2s: no visible global function definition for ‘lm’
    fdc3s: no visible global function definition for ‘lm’
    fds2s: no visible global function definition for ‘lm’
    fds3s: no visible global function definition for ‘lm’
    Undefined global functions or variables:
     lm
    Consider adding
     importFrom("stats", "lm")
    to your NAMESPACE file.
Flavors: r-devel-linux-x86_64-debian-clang, r-devel-linux-x86_64-debian-gcc, r-devel-linux-x86_64-fedora-clang, r-devel-linux-x86_64-fedora-gcc, r-devel-windows-ix86+x86_64, r-patched-linux-x86_64, r-patched-solaris-x86, r-release-linux-x86_64, r-release-windows-ix86+x86_64, r-release-osx-x86_64, r-oldrel-windows-ix86+x86_64, r-oldrel-osx-x86_64