CRAN Package Check Results for Package SECP

Last updated on 2018-07-17 22:50:57 CEST.

Flavor Version Tinstall Tcheck Ttotal Status Flags
r-devel-linux-x86_64-debian-clang 0.1-4 1.07 19.46 20.53 NOTE
r-devel-linux-x86_64-debian-gcc 0.1-4 0.84 15.48 16.32 NOTE
r-devel-linux-x86_64-fedora-clang 0.1-4 23.59 NOTE
r-devel-linux-x86_64-fedora-gcc 0.1-4 22.26 NOTE
r-devel-windows-ix86+x86_64 0.1-4 5.00 40.00 45.00 NOTE
r-patched-linux-x86_64 0.1-4 0.76 18.41 19.17 NOTE
r-patched-solaris-x86 0.1-4 38.10 NOTE
r-release-linux-x86_64 0.1-4 0.99 18.52 19.51 NOTE
r-release-windows-ix86+x86_64 0.1-4 4.00 41.00 45.00 NOTE
r-release-osx-x86_64 0.1-4 NOTE
r-oldrel-windows-ix86+x86_64 0.1-4 2.00 36.00 38.00 NOTE
r-oldrel-osx-x86_64 0.1-4 NOTE

Check Details

Version: 0.1-4
Check: DESCRIPTION meta-information
Result: NOTE
    Malformed Description field: should contain one or more complete sentences.
Flavors: r-devel-linux-x86_64-debian-clang, r-devel-linux-x86_64-debian-gcc, r-devel-linux-x86_64-fedora-clang, r-devel-linux-x86_64-fedora-gcc, r-devel-windows-ix86+x86_64, r-patched-linux-x86_64, r-patched-solaris-x86, r-release-linux-x86_64, r-release-windows-ix86+x86_64, r-release-osx-x86_64, r-oldrel-windows-ix86+x86_64, r-oldrel-osx-x86_64

Version: 0.1-4
Check: R code for possible problems
Result: NOTE
    fdc2s: no visible global function definition for ‘lm’
    fdc3s: no visible global function definition for ‘lm’
    fds2s: no visible global function definition for ‘lm’
    fds3s: no visible global function definition for ‘lm’
    Undefined global functions or variables:
     lm
    Consider adding
     importFrom("stats", "lm")
    to your NAMESPACE file.
Flavors: r-devel-linux-x86_64-debian-clang, r-devel-linux-x86_64-debian-gcc, r-devel-linux-x86_64-fedora-clang, r-devel-linux-x86_64-fedora-gcc, r-devel-windows-ix86+x86_64, r-patched-linux-x86_64, r-patched-solaris-x86, r-release-linux-x86_64, r-release-windows-ix86+x86_64, r-release-osx-x86_64, r-oldrel-windows-ix86+x86_64, r-oldrel-osx-x86_64