CRAN Package Check Results for Package SEERaBomb

Last updated on 2020-01-17 22:51:05 CET.

Flavor Version Tinstall Tcheck Ttotal Status Flags
r-devel-linux-x86_64-debian-clang 2019.2 36.14 149.69 185.83 OK
r-devel-linux-x86_64-debian-gcc 2019.2 27.77 114.86 142.63 OK
r-devel-linux-x86_64-fedora-clang 2019.2 236.15 OK
r-devel-linux-x86_64-fedora-gcc 2019.2 221.48 OK
r-devel-windows-ix86+x86_64 2019.2 133.00 326.00 459.00 OK
r-devel-windows-ix86+x86_64-gcc8 2019.2 83.00 246.00 329.00 OK
r-patched-linux-x86_64 2019.2 29.29 128.16 157.45 OK
r-patched-solaris-x86 2019.2 254.30 OK
r-release-linux-x86_64 2019.2 27.18 128.48 155.66 OK
r-release-windows-ix86+x86_64 2019.2 103.00 284.00 387.00 OK
r-release-osx-x86_64 2019.2 WARN
r-oldrel-windows-ix86+x86_64 2019.2 66.00 193.00 259.00 OK
r-oldrel-osx-x86_64 2019.2 WARN

Check Details

Version: 2019.2
Check: whether package can be installed
Result: WARN
    Found the following significant warnings:
     Warning: 'rgl_init' failed, running with rgl.useNULL = TRUE
Flavors: r-release-osx-x86_64, r-oldrel-osx-x86_64

Version: 2019.2
Check: dependencies in R code
Result: NOTE
    No protocol specified
Flavors: r-release-osx-x86_64, r-oldrel-osx-x86_64

Version: 2019.2
Check: S3 generic/method consistency
Result: WARN
    No protocol specified
    See section ‘Generic functions and methods’ in the ‘Writing R
    Extensions’ manual.
Flavors: r-release-osx-x86_64, r-oldrel-osx-x86_64

Version: 2019.2
Check: replacement functions
Result: WARN
    No protocol specified
    The argument of a replacement function which corresponds to the right
    hand side must be named ‘value’.
Flavors: r-release-osx-x86_64, r-oldrel-osx-x86_64

Version: 2019.2
Check: foreign function calls
Result: NOTE
    No protocol specified
    See chapter ‘System and foreign language interfaces’ in the ‘Writing R
    Extensions’ manual.
Flavors: r-release-osx-x86_64, r-oldrel-osx-x86_64

Version: 2019.2
Check: R code for possible problems
Result: NOTE
    No protocol specified
Flavors: r-release-osx-x86_64, r-oldrel-osx-x86_64

Version: 2019.2
Check: for missing documentation entries
Result: WARN
    No protocol specified
    All user-level objects in a package should have documentation entries.
    See chapter ‘Writing R documentation files’ in the ‘Writing R
    Extensions’ manual.
Flavors: r-release-osx-x86_64, r-oldrel-osx-x86_64

Version: 2019.2
Check: for code/documentation mismatches
Result: WARN
    No protocol specified
    No protocol specified
    No protocol specified
Flavors: r-release-osx-x86_64, r-oldrel-osx-x86_64

Version: 2019.2
Check: Rd \usage sections
Result: NOTE
    No protocol specified
    The \usage entries for S3 methods should use the \method markup and not
    their full name.
    See chapter ‘Writing R documentation files’ in the ‘Writing R
    Extensions’ manual.
Flavors: r-release-osx-x86_64, r-oldrel-osx-x86_64