CRAN Package Check Results for Package SIBERG

Last updated on 2023-09-22 23:05:11 CEST.

Flavor Version Tinstall Tcheck Ttotal Status Flags
r-devel-linux-x86_64-debian-clang 2.0.3 2.97 33.53 36.50 OK
r-devel-linux-x86_64-debian-gcc 2.0.3 2.22 25.86 28.08 OK
r-devel-linux-x86_64-fedora-clang 2.0.3 45.99 OK
r-devel-linux-x86_64-fedora-gcc 2.0.3 58.55 OK
r-devel-windows-x86_64 2.0.3 5.00 66.00 71.00 OK
r-patched-linux-x86_64 2.0.3 3.20 33.09 36.29 OK
r-release-linux-x86_64 2.0.3 2.98 32.58 35.56 OK
r-release-macos-arm64 2.0.3 25.00 OK
r-release-macos-x86_64 2.0.3 28.00 NOTE
r-release-windows-x86_64 2.0.3 7.00 61.00 68.00 OK
r-oldrel-macos-arm64 2.0.3 23.00 OK
r-oldrel-macos-x86_64 2.0.3 30.00 OK
r-oldrel-windows-x86_64 2.0.3 5.00 65.00 70.00 OK

Check Details

Version: 2.0.3
Check: package dependencies
Result: NOTE
    Package suggested but not available for checking: ‘edgeR’
Flavor: r-release-macos-x86_64

Version: 2.0.3
Check: re-building of vignette outputs
Result: NOTE
    Note: skipping ‘SIBER.Rnw’ due to unavailable dependencies: 'edgeR'
Flavor: r-release-macos-x86_64