Last updated on 2023-09-29 21:54:06 CEST.
Flavor | Version | Tinstall | Tcheck | Ttotal | Status | Flags |
---|---|---|---|---|---|---|
r-devel-linux-x86_64-debian-clang | 0.1.0 | 49.10 | 430.86 | 479.96 | NOTE | |
r-devel-linux-x86_64-debian-gcc | 0.1.0 | 39.57 | 321.76 | 361.33 | NOTE | |
r-devel-linux-x86_64-fedora-clang | 0.1.0 | 584.50 | NOTE | |||
r-devel-linux-x86_64-fedora-gcc | 0.1.0 | 611.46 | NOTE | |||
r-devel-windows-x86_64 | 0.1.0 | 45.00 | 5.00 | 50.00 | ERROR | |
r-patched-linux-x86_64 | 0.1.0 | 41.02 | 401.52 | 442.54 | NOTE | |
r-release-linux-x86_64 | 0.1.0 | 33.27 | 409.37 | 442.64 | NOTE | |
r-release-macos-arm64 | 0.1.0 | 7.00 | ERROR | |||
r-release-macos-x86_64 | 0.1.0 | 7.00 | ERROR | |||
r-release-windows-x86_64 | 0.1.0 | 42.00 | 5.00 | 47.00 | ERROR | |
r-oldrel-macos-arm64 | 0.1.0 | 129.00 | NOTE | |||
r-oldrel-macos-x86_64 | 0.1.0 | 185.00 | NOTE | |||
r-oldrel-windows-x86_64 | 0.1.0 | 50.00 | 9.00 | 59.00 | ERROR |
Version: 0.1.0
Check: LazyData
Result: NOTE
'LazyData' is specified without a 'data' directory
Flavors: r-devel-linux-x86_64-debian-clang, r-devel-linux-x86_64-debian-gcc, r-devel-linux-x86_64-fedora-clang, r-devel-linux-x86_64-fedora-gcc, r-patched-linux-x86_64, r-release-linux-x86_64, r-oldrel-macos-arm64, r-oldrel-macos-x86_64
Version: 0.1.0
Check: dependencies in R code
Result: NOTE
Namespace in Imports field not imported from: ‘utils’
All declared Imports should be used.
Flavors: r-devel-linux-x86_64-fedora-clang, r-devel-linux-x86_64-fedora-gcc, r-oldrel-macos-arm64, r-oldrel-macos-x86_64
Version: 0.1.0
Check: whether package can be installed
Result: ERROR
Installation failed.
Flavors: r-devel-windows-x86_64, r-release-windows-x86_64, r-oldrel-windows-x86_64
Version: 0.1.0
Check: package dependencies
Result: ERROR
Package required but not available: ‘GSVA’
See section ‘The DESCRIPTION file’ in the ‘Writing R Extensions’
manual.
Flavors: r-release-macos-arm64, r-release-macos-x86_64