CRAN Package Check Results for Package SIN

Last updated on 2019-10-16 22:56:11 CEST.

Flavor Version Tinstall Tcheck Ttotal Status Flags
r-devel-linux-x86_64-debian-clang 0.6 2.42 27.55 29.97 NOTE
r-devel-linux-x86_64-debian-gcc 0.6 2.23 22.73 24.96 NOTE
r-devel-linux-x86_64-fedora-clang 0.6 39.63 NOTE
r-devel-linux-x86_64-fedora-gcc 0.6 38.60 NOTE
r-devel-windows-ix86+x86_64 0.6 9.00 40.00 49.00 NOTE
r-patched-linux-x86_64 0.6 2.74 27.20 29.94 NOTE
r-patched-solaris-x86 0.6 60.60 NOTE
r-release-linux-x86_64 0.6 2.47 27.50 29.97 NOTE
r-release-windows-ix86+x86_64 0.6 5.00 57.00 62.00 NOTE
r-release-osx-x86_64 0.6 NOTE
r-oldrel-windows-ix86+x86_64 0.6 4.00 34.00 38.00 NOTE
r-oldrel-osx-x86_64 0.6 NOTE

Check Details

Version: 0.6
Check: R code for possible problems
Result: NOTE
    plotBGpvalues: no visible global function definition for 'par'
    plotBGpvalues: no visible global function definition for 'plot'
    plotBGpvalues: no visible global function definition for 'title'
    plotBGpvalues: no visible global function definition for 'axis'
    plotBGpvalues: no visible binding for global variable 'abline'
    plotBGpvalues: no visible global function definition for 'box'
    plotCGpvalues: no visible global function definition for 'par'
    plotCGpvalues: no visible global function definition for 'plot'
    plotCGpvalues: no visible global function definition for 'title'
    plotCGpvalues: no visible global function definition for 'axis'
    plotCGpvalues: no visible binding for global variable 'abline'
    plotCGpvalues: no visible global function definition for 'box'
    plotDAGpvalues: no visible global function definition for 'par'
    plotDAGpvalues: no visible global function definition for 'plot'
    plotDAGpvalues: no visible global function definition for 'title'
    plotDAGpvalues: no visible global function definition for 'axis'
    plotDAGpvalues: no visible binding for global variable 'abline'
    plotDAGpvalues: no visible global function definition for 'box'
    plotUGpvalues: no visible global function definition for 'par'
    plotUGpvalues: no visible global function definition for 'plot'
    plotUGpvalues: no visible global function definition for 'title'
    plotUGpvalues: no visible global function definition for 'axis'
    plotUGpvalues: no visible binding for global variable 'abline'
    plotUGpvalues: no visible global function definition for 'box'
    simpvalueVec: no visible binding for global variable 'pnorm'
    sinBG: no visible global function definition for 'cov2cor'
    sinCG : sinAMP: no visible global function definition for 'cov2cor'
    sinCG : sinLWF: no visible global function definition for 'cov2cor'
    sinDAG: no visible global function definition for 'cov2cor'
    sinUG: no visible global function definition for 'cov2cor'
    Undefined global functions or variables:
     abline axis box cov2cor par plot pnorm title
    Consider adding
     importFrom("graphics", "abline", "axis", "box", "par", "plot", "title")
     importFrom("stats", "cov2cor", "pnorm")
    to your NAMESPACE file.
Flavors: r-devel-linux-x86_64-debian-clang, r-devel-linux-x86_64-debian-gcc, r-devel-linux-x86_64-fedora-clang, r-devel-linux-x86_64-fedora-gcc, r-devel-windows-ix86+x86_64, r-patched-linux-x86_64, r-patched-solaris-x86, r-release-linux-x86_64, r-release-windows-ix86+x86_64, r-release-osx-x86_64, r-oldrel-windows-ix86+x86_64, r-oldrel-osx-x86_64