Last updated on 2023-12-01 21:54:20 CET.
Flavor | Version | Tinstall | Tcheck | Ttotal | Status | Flags |
---|---|---|---|---|---|---|
r-devel-linux-x86_64-debian-clang | 0.1.0 | 25.70 | 30.65 | 56.35 | NOTE | |
r-devel-linux-x86_64-debian-gcc | 0.1.0 | 20.22 | 24.07 | 44.29 | NOTE | |
r-devel-linux-x86_64-fedora-clang | 0.1.0 | 87.48 | NOTE | |||
r-devel-linux-x86_64-fedora-gcc | 0.1.0 | 83.75 | NOTE | |||
r-devel-windows-x86_64 | 0.1.0 | 24.00 | 65.00 | 89.00 | NOTE | |
r-patched-linux-x86_64 | 0.1.0 | 25.50 | 30.44 | 55.94 | NOTE | |
r-release-linux-x86_64 | 0.1.0 | 27.80 | 30.19 | 57.99 | NOTE | |
r-release-macos-arm64 | 0.1.0 | 26.00 | NOTE | |||
r-release-macos-x86_64 | 0.1.0 | 43.00 | NOTE | |||
r-release-windows-x86_64 | 0.1.0 | 34.00 | 70.00 | 104.00 | NOTE | |
r-oldrel-macos-arm64 | 0.1.0 | 28.00 | OK | |||
r-oldrel-macos-x86_64 | 0.1.0 | 36.00 | OK | |||
r-oldrel-windows-x86_64 | 0.1.0 | 30.00 | 73.00 | 103.00 | OK |
Version: 0.1.0
Check: C++ specification
Result: NOTE
Specified C++11: please drop specification unless essential
Flavors: r-devel-linux-x86_64-debian-clang, r-devel-linux-x86_64-debian-gcc, r-devel-linux-x86_64-fedora-clang, r-devel-linux-x86_64-fedora-gcc, r-devel-windows-x86_64, r-patched-linux-x86_64, r-release-linux-x86_64, r-release-macos-arm64, r-release-macos-x86_64, r-release-windows-x86_64