CRAN Package Check Results for Package SK4FGA

Last updated on 2024-07-14 22:49:31 CEST.

Flavor Version Tinstall Tcheck Ttotal Status Flags
r-devel-linux-x86_64-debian-clang 0.1.1 21.18 31.91 53.09 NOTE
r-devel-linux-x86_64-debian-gcc 0.1.1 14.76 24.80 39.56 NOTE
r-devel-linux-x86_64-fedora-clang 0.1.1 73.58 NOTE
r-devel-linux-x86_64-fedora-gcc 0.1.1 74.70 NOTE
r-devel-windows-x86_64 0.1.1 18.00 67.00 85.00 NOTE
r-patched-linux-x86_64 0.1.1 18.48 31.01 49.49 NOTE
r-release-linux-x86_64 0.1.1 19.76 31.10 50.86 NOTE
r-release-macos-arm64 0.1.1 24.00 NOTE
r-release-macos-x86_64 0.1.1 32.00 NOTE
r-release-windows-x86_64 0.1.1 19.00 67.00 86.00 NOTE
r-oldrel-macos-arm64 0.1.1 26.00 OK
r-oldrel-macos-x86_64 0.1.1 37.00 OK
r-oldrel-windows-x86_64 0.1.1 21.00 74.00 95.00 OK

Check Details

Version: 0.1.1
Check: Rd files
Result: NOTE checkRd: (-1) glass.Rd:10: Lost braces 10 | \item{item}{factor}{200 levels - which item the measurements came from} | ^ checkRd: (-1) glass.Rd:11-12: Lost braces 11 | \item{fragment}{factor}{4 levels - which of the four fragments from each item the observations were made | ^ checkRd: (-1) glass.Rd:13: Lost braces 13 | \item{logNaO}{numeric}{log of sodium concentration to oxygen concentration} | ^ checkRd: (-1) glass.Rd:14: Lost braces 14 | \item{logMgO}{numeric}{log of magnesium concentration to oxygen concentration} | ^ checkRd: (-1) glass.Rd:15: Lost braces 15 | \item{logAlO}{numeric}{log of aluminium concentration to oxygen concentration} | ^ checkRd: (-1) glass.Rd:16: Lost braces 16 | \item{logSiO}{numeric}{log of silicon concentration to oxygen concentration} | ^ checkRd: (-1) glass.Rd:17: Lost braces 17 | \item{logKO}{numeric}{log of potassium concentration to oxygen concentration} | ^ checkRd: (-1) glass.Rd:18: Lost braces 18 | \item{logCaO}{numeric}{log of calcium concentration to oxygen concentration} | ^ checkRd: (-1) glass.Rd:19: Lost braces 19 | \item{logFeO}{numeric}{log of iron concentration to oxygen concentration} | ^ checkRd: (-1) glass2.Rd:10: Lost braces 10 | \item{item}{factor}{761 levels - which item the measurements came from} | ^ checkRd: (-1) glass2.Rd:11: Lost braces 11 | \item{Li7}{numeric}{log of lithium concentration} | ^ checkRd: (-1) glass2.Rd:12: Lost braces 12 | \item{Mg25}{numeric}{log of magnesium concentration} | ^ checkRd: (-1) glass2.Rd:13: Lost braces 13 | \item{Al27}{numeric}{log of aluminium concentration} | ^ checkRd: (-1) glass2.Rd:14: Lost braces 14 | \item{K39}{numeric}{log of potassium concentration} | ^ checkRd: (-1) glass2.Rd:15: Lost braces 15 | \item{Ti49}{numeric}{log of titanium concentration} | ^ checkRd: (-1) glass2.Rd:16: Lost braces 16 | \item{Mn55}{numeric}{log of manganese concentration} | ^ checkRd: (-1) glass2.Rd:17: Lost braces 17 | \item{Fe57}{numeric}{log of iron concentration} | ^ checkRd: (-1) glass2.Rd:18: Lost braces 18 | \item{Rb85}{numeric}{log of rubidium concentration} | ^ checkRd: (-1) glass2.Rd:19: Lost braces 19 | \item{Sr88}{numeric}{log of strontium concentration} | ^ checkRd: (-1) glass2.Rd:20: Lost braces 20 | \item{Zr90}{numeric}{log of zirconium concentration} | ^ checkRd: (-1) glass2.Rd:21: Lost braces 21 | \item{Ba137}{numeric}{log of barium concentration} | ^ checkRd: (-1) glass2.Rd:22: Lost braces 22 | \item{La139}{numeric}{log of lanthanum concentration} | ^ checkRd: (-1) glass2.Rd:23: Lost braces 23 | \item{Ce140}{numeric}{log of cerium concentration} | ^ checkRd: (-1) glass2.Rd:24: Lost braces 24 | \item{Nd146}{numeric}{log of neodymium concentration} | ^ checkRd: (-1) glass2.Rd:25: Lost braces 25 | \item{Pb208}{numeric}{log of lead concentration} | ^ checkRd: (-1) vehicle.glass.Rd:10: Lost braces 10 | \item{item}{factor}{761 levels - which item the measurements came from} | ^ checkRd: (-1) vehicle.glass.Rd:11: Lost braces 11 | \item{Li7}{numeric}{log of lithium concentration} | ^ checkRd: (-1) vehicle.glass.Rd:12: Lost braces 12 | \item{Mg25}{numeric}{log of magnesium concentration} | ^ checkRd: (-1) vehicle.glass.Rd:13: Lost braces 13 | \item{Al27}{numeric}{log of aluminium concentration} | ^ checkRd: (-1) vehicle.glass.Rd:14: Lost braces 14 | \item{K39}{numeric}{log of potassium concentration} | ^ checkRd: (-1) vehicle.glass.Rd:15: Lost braces 15 | \item{Ti49}{numeric}{log of titanium concentration} | ^ checkRd: (-1) vehicle.glass.Rd:16: Lost braces 16 | \item{Mn55}{numeric}{log of manganese concentration} | ^ checkRd: (-1) vehicle.glass.Rd:17: Lost braces 17 | \item{Fe57}{numeric}{log of iron concentration} | ^ checkRd: (-1) vehicle.glass.Rd:18: Lost braces 18 | \item{Rb85}{numeric}{log of rubidium concentration} | ^ checkRd: (-1) vehicle.glass.Rd:19: Lost braces 19 | \item{Sr88}{numeric}{log of strontium concentration} | ^ checkRd: (-1) vehicle.glass.Rd:20: Lost braces 20 | \item{Zr90}{numeric}{log of zirconium concentration} | ^ checkRd: (-1) vehicle.glass.Rd:21: Lost braces 21 | \item{Ba137}{numeric}{log of barium concentration} | ^ checkRd: (-1) vehicle.glass.Rd:22: Lost braces 22 | \item{La139}{numeric}{log of lanthanum concentration} | ^ checkRd: (-1) vehicle.glass.Rd:23: Lost braces 23 | \item{Ce140}{numeric}{log of cerium concentration} | ^ checkRd: (-1) vehicle.glass.Rd:24: Lost braces 24 | \item{Nd146}{numeric}{log of neodymium concentration} | ^ checkRd: (-1) vehicle.glass.Rd:25: Lost braces 25 | \item{Pb208}{numeric}{log of lead concentration} | ^ Flavors: r-devel-linux-x86_64-debian-clang, r-devel-linux-x86_64-debian-gcc, r-devel-linux-x86_64-fedora-clang, r-devel-linux-x86_64-fedora-gcc, r-devel-windows-x86_64, r-patched-linux-x86_64, r-release-linux-x86_64, r-release-macos-arm64, r-release-macos-x86_64, r-release-windows-x86_64