Last updated on 2024-04-18 22:53:00 CEST.
Flavor | Version | Tinstall | Tcheck | Ttotal | Status | Flags |
---|---|---|---|---|---|---|
r-devel-linux-x86_64-debian-clang | 0.0-3 | 1.87 | 24.33 | 26.20 | NOTE | |
r-devel-linux-x86_64-debian-gcc | 0.0-3 | 1.37 | 18.66 | 20.03 | NOTE | |
r-devel-linux-x86_64-fedora-clang | 0.0-3 | 32.70 | NOTE | |||
r-devel-linux-x86_64-fedora-gcc | 0.0-3 | 31.40 | NOTE | |||
r-prerel-macos-arm64 | 0.0-3 | 16.00 | NOTE | |||
r-prerel-windows-x86_64 | 0.0-3 | 2.00 | 38.00 | 40.00 | NOTE | |
r-patched-linux-x86_64 | 0.0-3 | 1.93 | 22.91 | 24.84 | NOTE | |
r-release-linux-x86_64 | 0.0-3 | 1.64 | 22.68 | 24.32 | NOTE | |
r-release-macos-arm64 | 0.0-3 | 18.00 | NOTE | |||
r-release-macos-x86_64 | 0.0-3 | 20.00 | NOTE | |||
r-release-windows-x86_64 | 0.0-3 | 2.00 | 39.00 | 41.00 | NOTE | |
r-oldrel-macos-arm64 | 0.0-3 | 16.00 | NOTE | |||
r-oldrel-windows-x86_64 | 0.0-3 | 5.00 | 45.00 | 50.00 | NOTE |
Version: 0.0-3
Check: DESCRIPTION meta-information
Result: NOTE
Malformed Title field: should not end in a period.
Flavors: r-devel-linux-x86_64-debian-clang, r-devel-linux-x86_64-debian-gcc, r-devel-linux-x86_64-fedora-clang, r-devel-linux-x86_64-fedora-gcc, r-prerel-macos-arm64, r-prerel-windows-x86_64, r-patched-linux-x86_64, r-release-linux-x86_64, r-release-macos-arm64, r-release-macos-x86_64, r-release-windows-x86_64, r-oldrel-macos-arm64, r-oldrel-windows-x86_64
Version: 0.0-3
Check: Rd files
Result: NOTE
checkRd: (-1) customerRetentionDemographics.Rd:10: Escaped LaTeX specials: \$
checkRd: (-1) customerRetentionDemographics.Rd:11: Escaped LaTeX specials: \$ \$
checkRd: (-1) customerRetentionDemographics.Rd:12: Escaped LaTeX specials: \$ \$
checkRd: (-1) customerRetentionDemographics.Rd:13: Escaped LaTeX specials: \$ \$
checkRd: (-1) customerRetentionDemographics.Rd:14: Escaped LaTeX specials: \$ \$
checkRd: (-1) customerRetentionDemographics.Rd:15: Escaped LaTeX specials: \$
Flavors: r-devel-linux-x86_64-debian-clang, r-devel-linux-x86_64-debian-gcc, r-devel-linux-x86_64-fedora-clang, r-devel-linux-x86_64-fedora-gcc, r-prerel-macos-arm64, r-prerel-windows-x86_64, r-patched-linux-x86_64, r-release-linux-x86_64, r-release-macos-arm64, r-release-macos-x86_64, r-release-windows-x86_64