Last updated on 2023-06-08 22:57:14 CEST.
Flavor | Version | Tinstall | Tcheck | Ttotal | Status | Flags |
---|---|---|---|---|---|---|
r-devel-linux-x86_64-debian-clang | 0.1.1 | 25.83 | 361.36 | 387.19 | OK | |
r-devel-linux-x86_64-debian-gcc | 0.1.1 | 20.62 | 264.13 | 284.75 | OK | |
r-devel-linux-x86_64-fedora-clang | 0.1.1 | 486.32 | OK | |||
r-devel-linux-x86_64-fedora-gcc | 0.1.1 | 498.92 | OK | |||
r-devel-windows-x86_64 | 0.1.1 | 22.00 | 309.00 | 331.00 | OK | |
r-patched-linux-x86_64 | 0.1.1 | 21.49 | 343.74 | 365.23 | OK | |
r-release-linux-x86_64 | 0.1.1 | 17.36 | 335.23 | 352.59 | OK | |
r-release-macos-arm64 | 0.1.1 | 160.00 | OK | |||
r-release-macos-x86_64 | 0.1.1 | 263.00 | NOTE | |||
r-release-windows-x86_64 | 0.1.1 | 30.00 | 336.00 | 366.00 | OK | |
r-oldrel-macos-arm64 | 0.1.1 | 154.00 | OK | |||
r-oldrel-macos-x86_64 | 0.1.1 | 189.00 | OK | |||
r-oldrel-windows-x86_64 | 0.1.1 | 32.00 | 349.00 | 381.00 | OK |
Version: 0.1.1
Check: installed package size
Result: NOTE
installed size is 5.4Mb
sub-directories of 1Mb or more:
data 4.8Mb
Flavor: r-release-macos-x86_64