Last updated on 2023-06-05 23:09:44 CEST.
Flavor | Version | Tinstall | Tcheck | Ttotal | Status | Flags |
---|---|---|---|---|---|---|
r-devel-linux-x86_64-debian-clang | 2.11.14 | 26.59 | 481.36 | 507.95 | OK | |
r-devel-linux-x86_64-debian-gcc | 2.11.14 | 16.89 | 362.89 | 379.78 | OK | |
r-devel-linux-x86_64-fedora-clang | 2.11.14 | 611.62 | OK | |||
r-devel-linux-x86_64-fedora-gcc | 2.11.14 | 598.97 | OK | |||
r-devel-windows-x86_64 | 2.11.14 | 25.00 | 379.00 | 404.00 | OK | |
r-patched-linux-x86_64 | 2.11.14 | 22.10 | 456.10 | 478.20 | OK | |
r-release-linux-x86_64 | 2.11.14 | 16.78 | 456.05 | 472.83 | OK | |
r-release-macos-arm64 | 2.11.14 | 163.00 | OK | |||
r-release-macos-x86_64 | 2.11.14 | 289.00 | NOTE | |||
r-release-windows-x86_64 | 2.11.14 | 32.00 | 503.00 | 535.00 | OK | |
r-oldrel-macos-arm64 | 2.11.14 | 138.00 | OK | |||
r-oldrel-macos-x86_64 | 2.11.14 | 203.00 | OK | |||
r-oldrel-windows-x86_64 | 2.11.14 | 32.00 | 464.00 | 496.00 | OK |
Version: 2.11.14
Check: package dependencies
Result: NOTE
Packages suggested but not available for checking: 'car', 'party'
Flavor: r-release-macos-x86_64