Last updated on 2023-02-06 21:55:00 CET.
Flavor | Version | Tinstall | Tcheck | Ttotal | Status | Flags |
---|---|---|---|---|---|---|
r-devel-linux-x86_64-debian-clang | 0.5.8 | 49.02 | 430.85 | 479.87 | NOTE | |
r-devel-linux-x86_64-debian-gcc | 0.5.8 | 36.70 | 315.28 | 351.98 | NOTE | |
r-devel-linux-x86_64-fedora-clang | 0.5.8 | 608.61 | NOTE | |||
r-devel-linux-x86_64-fedora-gcc | 0.5.8 | 576.84 | NOTE | |||
r-devel-windows-x86_64 | 0.5.8 | 75.00 | 450.00 | 525.00 | NOTE | |
r-patched-linux-x86_64 | 0.5.8 | 47.87 | 408.63 | 456.50 | NOTE | |
r-release-linux-x86_64 | 0.5.8 | 36.25 | 398.39 | 434.64 | NOTE | |
r-release-macos-arm64 | 0.5.8 | 142.00 | NOTE | |||
r-release-macos-x86_64 | 0.5.8 | 242.00 | NOTE | |||
r-release-windows-x86_64 | 0.5.8 | 72.00 | 462.00 | 534.00 | NOTE | |
r-oldrel-macos-arm64 | 0.5.8 | 191.00 | NOTE | |||
r-oldrel-macos-x86_64 | 0.5.8 | 280.00 | NOTE | |||
r-oldrel-windows-ix86+x86_64 | 0.5.8 | 93.00 | 426.00 | 519.00 | NOTE |
Version: 0.5.8
Check: package dependencies
Result: NOTE
Package suggested but not available for checking: ‘STRaitRazoR’
Flavors: r-devel-linux-x86_64-debian-clang, r-devel-linux-x86_64-debian-gcc, r-devel-linux-x86_64-fedora-clang, r-devel-linux-x86_64-fedora-gcc, r-devel-windows-x86_64, r-patched-linux-x86_64, r-release-linux-x86_64, r-release-macos-arm64, r-release-macos-x86_64, r-release-windows-x86_64, r-oldrel-macos-arm64, r-oldrel-macos-x86_64, r-oldrel-windows-ix86+x86_64