CRAN Package Check Results for Package SamplerCompare

Last updated on 2017-11-24 22:51:42 CET.

Flavor Version Tinstall Tcheck Ttotal Status Flags
r-devel-linux-x86_64-debian-clang 1.2.7 2.85 100.59 103.44 NOTE
r-devel-linux-x86_64-debian-gcc 1.2.7 2.72 90.44 93.16 NOTE
r-devel-linux-x86_64-fedora-clang 1.2.7 86.64 NOTE
r-devel-linux-x86_64-fedora-gcc 1.2.7 86.18 NOTE
r-devel-windows-ix86+x86_64 1.2.7 12.00 114.00 126.00 NOTE
r-patched-linux-x86_64 1.2.7 3.26 96.45 99.71 NOTE
r-patched-solaris-x86 1.2.7 101.80 OK
r-release-linux-x86_64 1.2.7 2.89 96.93 99.82 NOTE
r-release-windows-ix86+x86_64 1.2.7 12.00 109.00 121.00 NOTE
r-release-osx-x86_64 1.2.7 OK
r-oldrel-windows-ix86+x86_64 1.2.7 10.00 103.00 113.00 NOTE
r-oldrel-osx-x86_64 1.2.7 OK

Additional issues

rchk

Check Details

Version: 1.2.7
Check: compiled code
Result: NOTE
    File ‘SamplerCompare/libs/SamplerCompare.so’:
     Found no calls to: ‘R_registerRoutines’, ‘R_useDynamicSymbols’
    
    It is good practice to register native routines and to disable symbol
    search.
    
    See ‘Writing portable packages’ in the ‘Writing R Extensions’ manual.
Flavors: r-devel-linux-x86_64-debian-clang, r-devel-linux-x86_64-debian-gcc, r-devel-linux-x86_64-fedora-clang, r-devel-linux-x86_64-fedora-gcc, r-patched-linux-x86_64, r-release-linux-x86_64

Version: 1.2.7
Check: package dependencies
Result: NOTE
    Package suggested but not available for checking: 'synchronicity'
Flavors: r-devel-windows-ix86+x86_64, r-release-windows-ix86+x86_64, r-oldrel-windows-ix86+x86_64