CRAN Package Check Results for Package SanFranBeachWater

Last updated on 2023-03-21 22:56:19 CET.

Flavor Version Tinstall Tcheck Ttotal Status Flags
r-devel-linux-x86_64-debian-clang 0.1.0 6.72 55.59 62.31 NOTE
r-devel-linux-x86_64-debian-gcc 0.1.0 4.93 41.77 46.70 NOTE
r-devel-linux-x86_64-fedora-clang 0.1.0 79.55 NOTE
r-devel-linux-x86_64-fedora-gcc 0.1.0 75.66 NOTE
r-devel-windows-x86_64 0.1.0 31.00 85.00 116.00 NOTE
r-patched-linux-x86_64 0.1.0 4.67 50.20 54.87 NOTE
r-release-linux-x86_64 0.1.0 4.02 51.13 55.15 NOTE
r-release-macos-arm64 0.1.0 27.00 NOTE
r-release-macos-x86_64 0.1.0 42.00 NOTE
r-release-windows-x86_64 0.1.0 26.00 87.00 113.00 NOTE
r-oldrel-macos-arm64 0.1.0 31.00 NOTE
r-oldrel-macos-x86_64 0.1.0 40.00 NOTE
r-oldrel-windows-ix86+x86_64 0.1.0 20.00 78.00 98.00 NOTE

Check Details

Version: 0.1.0
Check: LazyData
Result: NOTE
     'LazyData' is specified without a 'data' directory
Flavors: r-devel-linux-x86_64-debian-clang, r-devel-linux-x86_64-debian-gcc, r-devel-linux-x86_64-fedora-clang, r-devel-linux-x86_64-fedora-gcc, r-devel-windows-x86_64, r-patched-linux-x86_64, r-release-linux-x86_64, r-release-macos-arm64, r-release-macos-x86_64, r-release-windows-x86_64, r-oldrel-macos-arm64, r-oldrel-macos-x86_64, r-oldrel-windows-ix86+x86_64

Version: 0.1.0
Check: dependencies in R code
Result: NOTE
    Namespace in Imports field not imported from: ‘tibble’
     All declared Imports should be used.
Flavors: r-devel-linux-x86_64-fedora-clang, r-devel-linux-x86_64-fedora-gcc, r-release-macos-arm64, r-release-macos-x86_64, r-oldrel-macos-arm64, r-oldrel-macos-x86_64