Last updated on 2024-04-23 22:55:36 CEST.
Flavor | Version | Tinstall | Tcheck | Ttotal | Status | Flags |
---|---|---|---|---|---|---|
r-devel-linux-x86_64-debian-clang | 0.01 | 1.63 | 14.82 | 16.45 | NOTE | |
r-devel-linux-x86_64-debian-gcc | 0.01 | 1.65 | 11.82 | 13.47 | NOTE | |
r-devel-linux-x86_64-fedora-clang | 0.01 | 21.38 | NOTE | |||
r-devel-linux-x86_64-fedora-gcc | 0.01 | 20.16 | NOTE | |||
r-prerel-macos-arm64 | 0.01 | 11.00 | NOTE | |||
r-prerel-windows-x86_64 | 0.01 | 3.00 | 22.00 | 25.00 | NOTE | |
r-patched-linux-x86_64 | 0.01 | 1.93 | 14.30 | 16.23 | NOTE | |
r-release-linux-x86_64 | 0.01 | 1.99 | 14.24 | 16.23 | NOTE | |
r-release-macos-arm64 | 0.01 | 11.00 | NOTE | |||
r-release-macos-x86_64 | 0.01 | 15.00 | NOTE | |||
r-release-windows-x86_64 | 0.01 | 2.00 | 23.00 | 25.00 | NOTE | |
r-oldrel-macos-arm64 | 0.01 | 12.00 | NOTE | |||
r-oldrel-windows-x86_64 | 0.01 | 5.00 | 27.00 | 32.00 | NOTE |
Version: 0.01
Check: DESCRIPTION meta-information
Result: NOTE
Malformed Title field: should not end in a period.
Malformed Description field: should contain one or more complete sentences.
Flavors: r-devel-linux-x86_64-debian-clang, r-devel-linux-x86_64-debian-gcc, r-devel-linux-x86_64-fedora-clang, r-devel-linux-x86_64-fedora-gcc, r-prerel-macos-arm64, r-prerel-windows-x86_64, r-patched-linux-x86_64, r-release-linux-x86_64, r-release-macos-arm64, r-release-macos-x86_64, r-release-windows-x86_64, r-oldrel-macos-arm64, r-oldrel-windows-x86_64