Last updated on 2021-03-04 22:54:09 CET.
Flavor | Version | Tinstall | Tcheck | Ttotal | Status | Flags |
---|---|---|---|---|---|---|
r-devel-linux-x86_64-debian-clang | 1.4.1 | 9.94 | 95.32 | 105.26 | OK | |
r-devel-linux-x86_64-debian-gcc | 1.4.1 | 9.29 | 69.91 | 79.20 | OK | |
r-devel-linux-x86_64-fedora-clang | 1.4.1 | 132.72 | NOTE | |||
r-devel-linux-x86_64-fedora-gcc | 1.4.1 | 120.68 | NOTE | |||
r-devel-windows-ix86+x86_64 | 1.4.1 | 24.00 | 126.00 | 150.00 | OK | |
r-patched-linux-x86_64 | 1.4.1 | OK | ||||
r-patched-solaris-x86 | 1.4.1 | 172.90 | NOTE | |||
r-release-linux-x86_64 | 1.4.1 | 7.95 | 87.38 | 95.33 | OK | |
r-release-macos-x86_64 | 1.4.1 | NOTE | ||||
r-release-windows-ix86+x86_64 | 1.4.1 | 17.00 | 100.00 | 117.00 | OK | |
r-oldrel-macos-x86_64 | 1.4.1 | NOTE | ||||
r-oldrel-windows-ix86+x86_64 | 1.4.1 | 20.00 | 118.00 | 138.00 | OK |
Version: 1.4.1
Check: dependencies in R code
Result: NOTE
Namespaces in Imports field not imported from:
‘RColorBrewer’ ‘grid’ ‘purrr’
All declared Imports should be used.
Flavors: r-devel-linux-x86_64-fedora-clang, r-devel-linux-x86_64-fedora-gcc, r-patched-solaris-x86, r-release-macos-x86_64, r-oldrel-macos-x86_64
Version: 1.4.1
Check: Rd cross-references
Result: NOTE
Undeclared packages ‘NetworkToolbox’, ‘SemNetCleaner’ in Rd xrefs
Flavor: r-devel-linux-x86_64-fedora-clang