Last updated on 2021-03-03 22:51:27 CET.
Flavor | Version | Tinstall | Tcheck | Ttotal | Status | Flags |
---|---|---|---|---|---|---|
r-devel-linux-x86_64-debian-clang | 1.3.1 | 5.13 | 44.24 | 49.37 | OK | |
r-devel-linux-x86_64-debian-gcc | 1.3.1 | 4.67 | 33.41 | 38.08 | OK | |
r-devel-linux-x86_64-fedora-clang | 1.3.1 | 68.96 | OK | |||
r-devel-linux-x86_64-fedora-gcc | 1.3.1 | 58.99 | OK | |||
r-devel-windows-ix86+x86_64 | 1.3.1 | 9.00 | 65.00 | 74.00 | OK | |
r-patched-linux-x86_64 | 1.3.1 | 5.42 | 41.73 | 47.15 | OK | |
r-patched-solaris-x86 | 1.3.1 | 80.10 | OK | |||
r-release-linux-x86_64 | 1.3.1 | 4.86 | 41.56 | 46.42 | OK | |
r-release-macos-x86_64 | 1.3.1 | OK | ||||
r-release-windows-ix86+x86_64 | 1.3.1 | 9.00 | 51.00 | 60.00 | OK | |
r-oldrel-macos-x86_64 | 1.3.1 | NOTE | ||||
r-oldrel-windows-ix86+x86_64 | 1.3.1 | 9.00 | 61.00 | 70.00 | OK |
Version: 1.3.1
Check: dependencies in R code
Result: NOTE
No protocol specified
No protocol specified
Flavor: r-oldrel-macos-x86_64