Last updated on 2023-02-03 22:57:38 CET.
Flavor | Version | Tinstall | Tcheck | Ttotal | Status | Flags |
---|---|---|---|---|---|---|
r-devel-linux-x86_64-debian-clang | 1.3.4 | 5.87 | 49.68 | 55.55 | OK | |
r-devel-linux-x86_64-debian-gcc | 1.3.4 | 5.36 | 36.66 | 42.02 | OK | |
r-devel-linux-x86_64-fedora-clang | 1.3.4 | 68.66 | NOTE | |||
r-devel-linux-x86_64-fedora-gcc | 1.3.4 | 79.07 | NOTE | |||
r-devel-windows-x86_64 | 1.3.4 | 29.00 | 93.00 | 122.00 | OK | |
r-patched-linux-x86_64 | 1.3.4 | 10.40 | 47.44 | 57.84 | OK | |
r-release-linux-x86_64 | 1.3.4 | 5.34 | 47.44 | 52.78 | OK | |
r-release-macos-arm64 | 1.3.4 | 25.00 | NOTE | |||
r-release-macos-x86_64 | 1.3.4 | 43.00 | NOTE | |||
r-release-windows-x86_64 | 1.3.4 | 51.00 | 90.00 | 141.00 | OK | |
r-oldrel-macos-arm64 | 1.3.4 | 24.00 | NOTE | |||
r-oldrel-macos-x86_64 | 1.3.4 | 33.00 | NOTE | |||
r-oldrel-windows-ix86+x86_64 | 1.3.4 | 16.00 | 79.00 | 95.00 | OK |
Version: 1.3.4
Check: dependencies in R code
Result: NOTE
Namespaces in Imports field not imported from:
‘editData’ ‘miniUI’
All declared Imports should be used.
Flavors: r-devel-linux-x86_64-fedora-clang, r-devel-linux-x86_64-fedora-gcc, r-release-macos-arm64, r-release-macos-x86_64, r-oldrel-macos-arm64, r-oldrel-macos-x86_64