Last updated on 2023-02-06 21:54:59 CET.
Flavor | Version | Tinstall | Tcheck | Ttotal | Status | Flags |
---|---|---|---|---|---|---|
r-devel-linux-x86_64-debian-clang | 0.2.0 | 5.35 | 38.99 | 44.34 | OK | |
r-devel-linux-x86_64-debian-gcc | 0.2.0 | 5.06 | 30.56 | 35.62 | OK | |
r-devel-linux-x86_64-fedora-clang | 0.2.0 | 56.28 | NOTE | |||
r-devel-linux-x86_64-fedora-gcc | 0.2.0 | 66.72 | NOTE | |||
r-devel-windows-x86_64 | 0.2.0 | 74.00 | 82.00 | 156.00 | OK | |
r-patched-linux-x86_64 | 0.2.0 | 6.35 | 38.23 | 44.58 | OK | |
r-release-linux-x86_64 | 0.2.0 | 5.91 | 39.49 | 45.40 | OK | |
r-release-macos-arm64 | 0.2.0 | 25.00 | NOTE | |||
r-release-macos-x86_64 | 0.2.0 | 33.00 | NOTE | |||
r-release-windows-x86_64 | 0.2.0 | 64.00 | 82.00 | 146.00 | OK | |
r-oldrel-macos-arm64 | 0.2.0 | 24.00 | NOTE | |||
r-oldrel-macos-x86_64 | 0.2.0 | 36.00 | NOTE | |||
r-oldrel-windows-ix86+x86_64 | 0.2.0 | 11.00 | 71.00 | 82.00 | OK |
Version: 0.2.0
Check: dependencies in R code
Result: NOTE
Namespace in Imports field not imported from: ‘knitr’
All declared Imports should be used.
Flavors: r-devel-linux-x86_64-fedora-clang, r-devel-linux-x86_64-fedora-gcc, r-release-macos-arm64, r-release-macos-x86_64, r-oldrel-macos-arm64, r-oldrel-macos-x86_64
Version: 0.2.0
Check: Rd cross-references
Result: NOTE
Undeclared package ‘SemNetCleaner’ in Rd xrefs
Flavor: r-devel-linux-x86_64-fedora-clang