Last updated on 2023-02-07 23:08:00 CET.
Flavor | Version | Tinstall | Tcheck | Ttotal | Status | Flags |
---|---|---|---|---|---|---|
r-devel-linux-x86_64-debian-clang | 3.4 | 73.18 | 148.92 | 222.10 | OK | |
r-devel-linux-x86_64-debian-gcc | 3.4 | 64.11 | 109.36 | 173.47 | OK | |
r-devel-linux-x86_64-fedora-clang | 3.4 | 262.26 | OK | |||
r-devel-linux-x86_64-fedora-gcc | 3.4 | 302.84 | OK | |||
r-devel-windows-x86_64 | 3.4 | 154.00 | 199.00 | 353.00 | OK | |
r-patched-linux-x86_64 | 3.4 | 67.87 | 139.83 | 207.70 | OK | |
r-release-linux-x86_64 | 3.4 | 63.45 | 137.25 | 200.70 | OK | |
r-release-macos-arm64 | 3.4 | 62.00 | NOTE | |||
r-release-macos-x86_64 | 3.4 | 91.00 | NOTE | |||
r-release-windows-x86_64 | 3.4 | 130.00 | 199.00 | 329.00 | OK | |
r-oldrel-macos-arm64 | 3.4 | 78.00 | NOTE | |||
r-oldrel-macos-x86_64 | 3.4 | 131.00 | NOTE | |||
r-oldrel-windows-ix86+x86_64 | 3.4 | 190.00 | 201.00 | 391.00 | OK |
Version: 3.4
Check: installed package size
Result: NOTE
installed size is 6.9Mb
sub-directories of 1Mb or more:
libs 5.9Mb
Flavors: r-release-macos-arm64, r-release-macos-x86_64, r-oldrel-macos-arm64, r-oldrel-macos-x86_64