Last updated on 2024-04-23 22:55:36 CEST.
Flavor | Version | Tinstall | Tcheck | Ttotal | Status | Flags |
---|---|---|---|---|---|---|
r-devel-linux-x86_64-debian-clang | 1.1.3 | 2.61 | 44.31 | 46.92 | NOTE | |
r-devel-linux-x86_64-debian-gcc | 1.1.3 | 2.00 | 32.51 | 34.51 | NOTE | |
r-devel-linux-x86_64-fedora-clang | 1.1.3 | 58.64 | NOTE | |||
r-devel-linux-x86_64-fedora-gcc | 1.1.3 | 66.83 | NOTE | |||
r-prerel-macos-arm64 | 1.1.3 | 27.00 | NOTE | |||
r-prerel-windows-x86_64 | 1.1.3 | 3.00 | 51.00 | 54.00 | NOTE | |
r-patched-linux-x86_64 | 1.1.3 | 2.39 | 42.03 | 44.42 | NOTE | |
r-release-linux-x86_64 | 1.1.3 | 1.99 | 38.76 | 40.75 | NOTE | |
r-release-macos-arm64 | 1.1.3 | 29.00 | NOTE | |||
r-release-macos-x86_64 | 1.1.3 | 41.00 | NOTE | |||
r-release-windows-x86_64 | 1.1.3 | 3.00 | 56.00 | 59.00 | NOTE | |
r-oldrel-macos-arm64 | 1.1.3 | 26.00 | OK | |||
r-oldrel-windows-x86_64 | 1.1.3 | 4.00 | 61.00 | 65.00 | OK |
Version: 1.1.3
Check: package subdirectories
Result: NOTE
Problems with news in ‘NEWS.md’:
No news entries found.
Flavors: r-devel-linux-x86_64-debian-clang, r-devel-linux-x86_64-debian-gcc, r-devel-linux-x86_64-fedora-clang, r-devel-linux-x86_64-fedora-gcc, r-prerel-macos-arm64, r-prerel-windows-x86_64, r-patched-linux-x86_64, r-release-linux-x86_64, r-release-macos-arm64, r-release-macos-x86_64, r-release-windows-x86_64