Last updated on 2023-02-05 22:59:33 CET.
Flavor | Version | Tinstall | Tcheck | Ttotal | Status | Flags |
---|---|---|---|---|---|---|
r-devel-linux-x86_64-debian-clang | 4.1.3 | 55.56 | 155.81 | 211.37 | OK | |
r-devel-linux-x86_64-debian-gcc | 4.1.3 | 37.05 | 113.78 | 150.83 | OK | |
r-devel-linux-x86_64-fedora-clang | 4.1.3 | 263.54 | NOTE | |||
r-devel-linux-x86_64-fedora-gcc | 4.1.3 | 255.14 | OK | |||
r-devel-windows-x86_64 | 4.1.3 | 141.00 | 222.00 | 363.00 | OK | |
r-patched-linux-x86_64 | 4.1.3 | 43.76 | 142.11 | 185.87 | OK | |
r-release-linux-x86_64 | 4.1.3 | 37.94 | 146.83 | 184.77 | OK | |
r-release-macos-arm64 | 4.1.3 | 67.00 | OK | |||
r-release-macos-x86_64 | 4.1.3 | 88.00 | OK | |||
r-release-windows-x86_64 | 4.1.3 | 170.00 | 209.00 | 379.00 | OK | |
r-oldrel-macos-arm64 | 4.1.3 | 74.00 | OK | |||
r-oldrel-macos-x86_64 | 4.1.3 | 88.00 | OK | |||
r-oldrel-windows-ix86+x86_64 | 4.1.3 | 107.00 | 249.00 | 356.00 | OK |
Version: 4.1.3
Check: Rd cross-references
Result: NOTE
Undeclared package ‘plotly’ in Rd xrefs
Flavor: r-devel-linux-x86_64-fedora-clang