CRAN Package Check Results for Package ShellChron

Last updated on 2023-11-28 23:04:50 CET.

Flavor Version Tinstall Tcheck Ttotal Status Flags
r-devel-linux-x86_64-debian-clang 0.4.0 5.15 52.53 57.68 NOTE
r-devel-linux-x86_64-debian-gcc 0.4.0 4.33 36.81 41.14 NOTE
r-devel-linux-x86_64-fedora-clang 0.4.0 73.81 OK
r-devel-linux-x86_64-fedora-gcc 0.4.0 68.45 OK
r-devel-windows-x86_64 0.4.0 9.00 63.00 72.00 OK
r-patched-linux-x86_64 0.4.0 5.73 49.35 55.08 OK
r-release-linux-x86_64 0.4.0 3.91 49.84 53.75 OK
r-release-macos-arm64 0.4.0 26.00 OK
r-release-macos-x86_64 0.4.0 38.00 OK
r-release-windows-x86_64 0.4.0 8.00 67.00 75.00 OK
r-oldrel-macos-arm64 0.4.0 25.00 OK
r-oldrel-macos-x86_64 0.4.0 42.00 OK
r-oldrel-windows-x86_64 0.4.0 8.00 67.00 75.00 OK

Check Details

Version: 0.4.0
Check: Rd files
Result: NOTE checkRd: (-1) age_corr.Rd:15: Lost braces 15 | \item{plot}{Should the results be plotted? (/code{TRUE/FALSE})} | ^ checkRd: (-1) age_corr.Rd:17: Lost braces 17 | \item{agecorrection}{Correct for jumps in age (/code{TRUE}) or | ^ checkRd: (-1) age_corr.Rd:18: Lost braces 18 | only for starting time (/code{FALSE})} | ^ Flavors: r-devel-linux-x86_64-debian-clang, r-devel-linux-x86_64-debian-gcc