CRAN Package Check Results for Package ShrinkCovMat

Last updated on 2023-12-02 21:40:10 CET.

Flavor Version Tinstall Tcheck Ttotal Status Flags
r-devel-linux-x86_64-debian-clang 1.4.0 32.81 36.86 69.67 NOTE
r-devel-linux-x86_64-debian-gcc 1.4.0 22.55 27.78 50.33 NOTE
r-devel-linux-x86_64-fedora-clang 1.4.0 100.64 NOTE
r-devel-linux-x86_64-fedora-gcc 1.4.0 96.34 NOTE
r-devel-windows-x86_64 1.4.0 26.00 65.00 91.00 NOTE
r-patched-linux-x86_64 1.4.0 27.55 34.71 62.26 NOTE
r-release-linux-x86_64 1.4.0 24.74 34.69 59.43 NOTE
r-release-macos-arm64 1.4.0 28.00 NOTE
r-release-macos-x86_64 1.4.0 44.00 NOTE
r-release-windows-x86_64 1.4.0 34.00 78.00 112.00 NOTE
r-oldrel-macos-arm64 1.4.0 27.00 OK
r-oldrel-macos-x86_64 1.4.0 37.00 OK
r-oldrel-windows-x86_64 1.4.0 33.00 77.00 110.00 OK

Check Details

Version: 1.4.0
Check: C++ specification
Result: NOTE Specified C++11: please drop specification unless essential Flavors: r-devel-linux-x86_64-debian-clang, r-devel-linux-x86_64-debian-gcc, r-devel-linux-x86_64-fedora-clang, r-devel-linux-x86_64-fedora-gcc, r-devel-windows-x86_64, r-patched-linux-x86_64, r-release-linux-x86_64, r-release-macos-arm64, r-release-macos-x86_64, r-release-windows-x86_64