CRAN Package Check Results for Package Sim.DiffProc

Last updated on 2018-09-17 22:51:18 CEST.

Flavor Version Tinstall Tcheck Ttotal Status Flags
r-devel-linux-x86_64-debian-clang 4.1 19.72 528.53 548.25 OK
r-devel-linux-x86_64-debian-gcc 4.1 18.42 417.84 436.26 OK
r-devel-linux-x86_64-fedora-clang 4.1 676.52 OK
r-devel-linux-x86_64-fedora-gcc 4.1 713.57 OK
r-devel-windows-ix86+x86_64 4.1 67.00 1362.00 1429.00 OK
r-patched-linux-x86_64 4.1 22.29 531.60 553.89 OK
r-patched-solaris-x86 4.1 1509.00 OK
r-release-linux-x86_64 4.1 22.32 529.05 551.37 OK
r-release-windows-ix86+x86_64 4.1 33.00 705.00 738.00 OK
r-release-osx-x86_64 4.1 WARN
r-oldrel-windows-ix86+x86_64 4.1 16.00 704.00 720.00 OK
r-oldrel-osx-x86_64 4.1 WARN

Check Details

Version: 4.1
Check: whether package can be installed
Result: WARN
    Found the following significant warnings:
     Warning: 'rgl_init' failed, running with rgl.useNULL = TRUE
Flavors: r-release-osx-x86_64, r-oldrel-osx-x86_64