CRAN Package Check Results for Package SimCorrMix

Last updated on 2023-09-30 22:59:19 CEST.

Flavor Version Tinstall Tcheck Ttotal Status Flags
r-devel-linux-x86_64-debian-clang 0.1.1 22.59 250.10 272.69 NOTE
r-devel-linux-x86_64-debian-gcc 0.1.1 16.42 184.06 200.48 NOTE
r-devel-linux-x86_64-fedora-clang 0.1.1 327.76 NOTE
r-devel-linux-x86_64-fedora-gcc 0.1.1 369.20 NOTE
r-devel-windows-x86_64 0.1.1 19.00 183.00 202.00 NOTE
r-patched-linux-x86_64 0.1.1 15.33 237.68 253.01 NOTE
r-release-linux-x86_64 0.1.1 13.21 243.01 256.22 NOTE
r-release-macos-arm64 0.1.1 98.00 NOTE
r-release-macos-x86_64 0.1.1 161.00 NOTE
r-release-windows-x86_64 0.1.1 25.00 236.00 261.00 NOTE
r-oldrel-macos-arm64 0.1.1 81.00 NOTE
r-oldrel-macos-x86_64 0.1.1 151.00 NOTE
r-oldrel-windows-x86_64 0.1.1 26.00 231.00 257.00 NOTE

Check Details

Version: 0.1.1
Check: LazyData
Result: NOTE
     'LazyData' is specified without a 'data' directory
Flavors: r-devel-linux-x86_64-debian-clang, r-devel-linux-x86_64-debian-gcc, r-devel-linux-x86_64-fedora-clang, r-devel-linux-x86_64-fedora-gcc, r-devel-windows-x86_64, r-patched-linux-x86_64, r-release-linux-x86_64, r-release-macos-arm64, r-release-macos-x86_64, r-release-windows-x86_64, r-oldrel-macos-arm64, r-oldrel-macos-x86_64, r-oldrel-windows-x86_64

Version: 0.1.1
Check: dependencies in R code
Result: NOTE
    Namespaces in Imports field not imported from:
     ‘MASS’ ‘grid’
     All declared Imports should be used.
Flavors: r-devel-linux-x86_64-fedora-clang, r-devel-linux-x86_64-fedora-gcc, r-oldrel-macos-arm64, r-oldrel-macos-x86_64

Version: 0.1.1
Check: Rd cross-references
Result: NOTE
    Undeclared packages ‘GenOrd’, ‘PoisNor’ in Rd xrefs
Flavor: r-devel-linux-x86_64-fedora-clang