Last updated on 2023-09-28 23:08:58 CEST.
Flavor | Version | Tinstall | Tcheck | Ttotal | Status | Flags |
---|---|---|---|---|---|---|
r-devel-linux-x86_64-debian-clang | 0.2.2 | 29.69 | 463.48 | 493.17 | OK | |
r-devel-linux-x86_64-debian-gcc | 0.2.2 | 24.86 | 337.02 | 361.88 | OK | |
r-devel-linux-x86_64-fedora-clang | 0.2.2 | 626.20 | NOTE | |||
r-devel-linux-x86_64-fedora-gcc | 0.2.2 | 639.81 | OK | |||
r-devel-windows-x86_64 | 0.2.2 | 27.00 | 329.00 | 356.00 | OK | |
r-patched-linux-x86_64 | 0.2.2 | 31.59 | 452.45 | 484.04 | OK | |
r-release-linux-x86_64 | 0.2.2 | 31.43 | 451.62 | 483.05 | OK | |
r-release-macos-arm64 | 0.2.2 | 190.00 | OK | |||
r-release-macos-x86_64 | 0.2.2 | 288.00 | OK | |||
r-release-windows-x86_64 | 0.2.2 | 38.00 | 424.00 | 462.00 | OK | |
r-oldrel-macos-arm64 | 0.2.2 | 143.00 | OK | |||
r-oldrel-macos-x86_64 | 0.2.2 | 264.00 | OK | |||
r-oldrel-windows-x86_64 | 0.2.2 | 36.00 | 404.00 | 440.00 | OK |
Version: 0.2.2
Check: Rd cross-references
Result: NOTE
Undeclared packages ‘BinNonNor’, ‘PoisNor’, ‘PoisBinOrdNor’, ‘PoisBinOrdNonNor’ in Rd xrefs
Flavor: r-devel-linux-x86_64-fedora-clang