CRAN Package Check Results for Package SimNPH

Last updated on 2024-04-22 23:10:05 CEST.

Flavor Version Tinstall Tcheck Ttotal Status Flags
r-devel-linux-x86_64-debian-clang 0.5.5 15.37 196.97 212.34 OK
r-devel-linux-x86_64-debian-gcc 0.5.5 10.92 140.05 150.97 OK
r-devel-linux-x86_64-fedora-clang 0.5.5 254.53 OK
r-devel-linux-x86_64-fedora-gcc 0.5.5 273.27 OK
r-prerel-macos-arm64 0.5.5 69.00 OK
r-prerel-macos-x86_64 0.5.5 143.00 OK
r-prerel-windows-x86_64 0.5.5 15.00 148.00 163.00 OK
r-patched-linux-x86_64 0.5.5 13.20 189.01 202.21 OK
r-release-linux-x86_64 0.5.5 14.28 190.41 204.69 OK
r-release-macos-arm64 0.5.5 73.00 OK
r-release-macos-x86_64 0.5.5 142.00 OK
r-release-windows-x86_64 0.5.5 17.00 192.00 209.00 OK
r-oldrel-macos-arm64 0.5.5 70.00 WARN
r-oldrel-windows-x86_64 0.5.5 19.00 189.00 208.00 OK

Check Details

Version: 0.5.5
Check: Rd files
Result: WARN
Flavor: r-oldrel-macos-arm64