CRAN Package Check Results for Package SimSurvey

Last updated on 2021-04-11 22:47:24 CEST.

Flavor Version Tinstall Tcheck Ttotal Status Flags
r-devel-linux-x86_64-debian-clang 0.1.3 15.07 147.35 162.42 NOTE
r-devel-linux-x86_64-debian-gcc 0.1.3 12.13 108.99 121.12 NOTE
r-devel-linux-x86_64-fedora-clang 0.1.3 194.90 NOTE
r-devel-linux-x86_64-fedora-gcc 0.1.3 181.35 NOTE
r-devel-windows-ix86+x86_64 0.1.3 32.00 168.00 200.00 OK
r-devel-windows-x86_64-gcc10-UCRT 0.1.3 NOTE
r-patched-linux-x86_64 0.1.3 15.34 141.28 156.62 NOTE
r-patched-solaris-x86 0.1.3 264.30 NOTE
r-release-linux-x86_64 0.1.3 13.75 140.20 153.95 NOTE
r-release-macos-x86_64 0.1.3 NOTE
r-release-windows-ix86+x86_64 0.1.3 33.00 176.00 209.00 OK
r-oldrel-macos-x86_64 0.1.3 NOTE
r-oldrel-windows-ix86+x86_64 0.1.3 21.00 125.00 146.00 NOTE

Check Details

Version: 0.1.3
Check: package dependencies
Result: NOTE
    Package suggested but not available for checking: 'INLA'
Flavors: r-devel-linux-x86_64-debian-clang, r-devel-linux-x86_64-debian-gcc, r-devel-windows-x86_64-gcc10-UCRT, r-patched-linux-x86_64, r-patched-solaris-x86, r-release-linux-x86_64, r-release-macos-x86_64, r-oldrel-macos-x86_64

Version: 0.1.3
Check: dependencies in R code
Result: NOTE
    Namespaces in Imports field not imported from:
     ‘rgeos’ ‘sp’
     All declared Imports should be used.
Flavors: r-devel-linux-x86_64-fedora-clang, r-devel-linux-x86_64-fedora-gcc, r-devel-windows-x86_64-gcc10-UCRT, r-patched-solaris-x86, r-release-macos-x86_64, r-oldrel-macos-x86_64

Version: 0.1.3
Check: dependencies in R code
Result: NOTE
    Missing or unexported objects:
     'INLA::inla.barrier.pcmatern' 'INLA::inla.rgeneric.q'
Flavor: r-oldrel-windows-ix86+x86_64